5.255.253.107 - - [01/Oct/2022:00:53:58 -0700] "GET /newyears2011/photos/2010-05-25-lucia-alec-lime-shrimp-ferradurinha-buzios.jpg HTTP/1.1" 200 64842 "-" "Mozilla/5.0 (compatible; YandexImages/3.0; +http://yandex.com/bots)" "mauricio.resende.info"
185.191.171.5 - - [01/Oct/2022:00:56:19 -0700] "GET /robots.txt HTTP/1.1" 404 88 "-" "Mozilla/5.0 (compatible; SemrushBot/7~bl; +http://www.semrush.com/bot.html)" "mauricio.resende.info"
185.191.171.7 - - [01/Oct/2022:00:56:19 -0700] "GET /anonovo2002 HTTP/1.1" 301 1416 "-" "Mozilla/5.0 (compatible; SemrushBot/7~bl; +http://www.semrush.com/bot.html)" "mauricio.resende.info"
185.191.171.33 - - [01/Oct/2022:00:56:20 -0700] "GET /anonovo2002/ HTTP/1.1" 200 5152 "-" "Mozilla/5.0 (compatible; SemrushBot/7~bl; +http://www.semrush.com/bot.html)" "mauricio.resende.info"
95.108.213.21 - - [01/Oct/2022:00:57:27 -0700] "GET /robots.txt HTTP/1.1" 404 73 "-" "Mozilla/5.0 (compatible; YandexBot/3.0; +http://yandex.com/bots)" "resende.info"
5.45.207.153 - - [01/Oct/2022:00:57:31 -0700] "GET /doc/garcmpsp.pdf HTTP/1.1" 404 88 "-" "Mozilla/5.0 (compatible; YandexBot/3.0; +http://yandex.com/bots)" "resende.info"
66.249.79.93 - - [01/Oct/2022:00:58:42 -0700] "GET /newyears2012/all-photos/lo-res/alec/2011-08-27-alec-lucia-pamelas.jpg HTTP/1.1" 200 78237 "-" "Googlebot-Image/1.0" "mauricio.resende.info"
157.55.39.36 - - [01/Oct/2022:01:08:06 -0700] "GET /newyears2011/photos/2010-05-22-lucia-at-faco-pepe-apt.jpg HTTP/1.1" 200 43362 "-" "Mozilla/5.0 AppleWebKit/537.36 (KHTML, like Gecko; compatible; bingbot/2.0; +http://www.bing.com/bingbot.htm) Chrome/103.0.5060.134 Safari/537.36" "mauricio.resende.info"
51.222.253.19 - - [01/Oct/2022:01:22:15 -0700] "GET /robots.txt HTTP/1.1" 404 88 "-" "Mozilla/5.0 (compatible; AhrefsBot/7.0; +http://ahrefs.com/robot/)" "resende.info"
147.92.153.13 - - [01/Oct/2022:01:37:25 -0700] "GET / HTTP/1.1" 200 1024 "-" "Mozilla/5.0 (iPhone; CPU iPhone OS 9_1 like Mac OS X) AppleWebKit/601.1.46 (KHTML, like Gecko) Version/9.0 Mobile/13B143 Safari/601.1" "mauricio.resende.info"
147.92.153.18 - - [01/Oct/2022:01:37:26 -0700] "GET /SpryAssets/SpryMenuBarHorizontal.css HTTP/1.1" 200 1525 "http://mauricio.resende.info/" "Mozilla/5.0 (iPhone; CPU iPhone OS 9_1 like Mac OS X) AppleWebKit/601.1.46 (KHTML, like Gecko) Version/9.0 Mobile/13B143 Safari/601.1" "mauricio.resende.info"
147.92.153.12 - - [01/Oct/2022:01:37:26 -0700] "GET /SpryAssets/SpryMenuBar.js HTTP/1.1" 200 6300 "http://mauricio.resende.info/" "Mozilla/5.0 (iPhone; CPU iPhone OS 9_1 like Mac OS X) AppleWebKit/601.1.46 (KHTML, like Gecko) Version/9.0 Mobile/13B143 Safari/601.1" "mauricio.resende.info"
147.92.153.3 - - [01/Oct/2022:01:37:26 -0700] "GET /mgcr.jpg HTTP/1.1" 200 52391 "http://mauricio.resende.info/" "Mozilla/5.0 (iPhone; CPU iPhone OS 9_1 like Mac OS X) AppleWebKit/601.1.46 (KHTML, like Gecko) Version/9.0 Mobile/13B143 Safari/601.1" "mauricio.resende.info"
147.92.153.18 - - [01/Oct/2022:01:37:26 -0700] "GET /SpryAssets/SpryMenuBarRight.gif HTTP/1.1" 200 55 "http://mauricio.resende.info/SpryAssets/SpryMenuBarHorizontal.css" "Mozilla/5.0 (iPhone; CPU iPhone OS 9_1 like Mac OS X) AppleWebKit/601.1.46 (KHTML, like Gecko) Version/9.0 Mobile/13B143 Safari/601.1" "mauricio.resende.info"
147.92.153.18 - - [01/Oct/2022:01:37:26 -0700] "GET /SpryAssets/SpryMenuBarDown.gif HTTP/1.1" 200 55 "http://mauricio.resende.info/SpryAssets/SpryMenuBarHorizontal.css" "Mozilla/5.0 (iPhone; CPU iPhone OS 9_1 like Mac OS X) AppleWebKit/601.1.46 (KHTML, like Gecko) Version/9.0 Mobile/13B143 Safari/601.1" "mauricio.resende.info"
147.92.153.7 - - [01/Oct/2022:01:37:27 -0700] "GET /SpryAssets/SpryMenuBarRightHover.gif HTTP/1.1" 200 55 "http://mauricio.resende.info/" "Mozilla/5.0 (iPhone; CPU iPhone OS 9_1 like Mac OS X) AppleWebKit/601.1.46 (KHTML, like Gecko) Version/9.0 Mobile/13B143 Safari/601.1" "mauricio.resende.info"
147.92.153.16 - - [01/Oct/2022:01:37:27 -0700] "GET /SpryAssets/SpryMenuBarDownHover.gif HTTP/1.1" 200 55 "http://mauricio.resende.info/" "Mozilla/5.0 (iPhone; CPU iPhone OS 9_1 like Mac OS X) AppleWebKit/601.1.46 (KHTML, like Gecko) Version/9.0 Mobile/13B143 Safari/601.1" "mauricio.resende.info"
147.92.153.2 - - [01/Oct/2022:01:37:34 -0700] "GET / HTTP/1.1" 200 1024 "-" "Mozilla/5.0 (Windows NT 6.1; WOW64) AppleWebKit/537.36 (KHTML, like Gecko) Chrome/52.0.2743.116 Safari/537.36" "mauricio.resende.info"
187.188.245.178 - - [01/Oct/2022:01:40:14 -0700] "GET /doc/sfsp.pdf HTTP/1.1" 200 192892 "-" "Mozilla/5.0 (Windows NT 10.0; Win64; x64) AppleWebKit/537.36 (KHTML, like Gecko) Chrome/106.0.0.0 Safari/537.36" "mauricio.resende.info"
187.188.245.178 - - [01/Oct/2022:01:40:14 -0700] "GET /doc/sfsp.pdf HTTP/1.1" 200 192892 "-" "Mozilla/5.0 (Windows NT 10.0; Win64; x64) AppleWebKit/537.36 (KHTML, like Gecko) Chrome/106.0.0.0 Safari/537.36" "mauricio.resende.info"
187.188.245.178 - - [01/Oct/2022:01:40:14 -0700] "GET /doc/sfsp.pdf HTTP/1.1" 206 1025 "-" "Mozilla/5.0 (Windows NT 10.0; Win64; x64) AppleWebKit/537.36 (KHTML, like Gecko) Chrome/106.0.0.0 Safari/537.36" "mauricio.resende.info"
40.77.167.10 - - [01/Oct/2022:01:46:49 -0700] "GET /abstracts/hyb-gpr-2011.html HTTP/1.1" 200 1170 "-" "Mozilla/5.0 (compatible; bingbot/2.0; +http://www.bing.com/bingbot.htm)" "mauricio.resende.info"
47.103.8.240 - - [01/Oct/2022:01:52:18 -0700] "GET / HTTP/1.1" 200 1024 "-" "Mozilla/5.0 (X11; Ubuntu; Linux x86_64; rv:36.0) Gecko/20100101 Firefox/36.0" "mauricio.resende.info"
87.250.224.168 - - [01/Oct/2022:01:53:51 -0700] "GET /newyears2011/photos/2010-05-01-sasha-renalva-graduation.jpg HTTP/1.1" 200 77448 "-" "Mozilla/5.0 (compatible; YandexImages/3.0; +http://yandex.com/bots)" "mauricio.resende.info"
114.119.142.14 - - [01/Oct/2022:01:54:58 -0700] "GET /robots.txt HTTP/1.1" 404 88 "-" "Mozilla/5.0 (compatible;PetalBot;+https://webmaster.petalsearch.com/site/petalbot)" "resende.info"
17.121.114.16 - - [01/Oct/2022:02:01:39 -0700] "GET /HOT-cover.png HTTP/1.1" 404 88 "-" "Mozilla/5.0 (Macintosh; Intel Mac OS X 10_15_5) AppleWebKit/605.1.15 (KHTML, like Gecko) Version/13.1.1 Safari/605.1.15 (Applebot/0.1; +http://www.apple.com/go/applebot)" "mauricio.resende.info"
51.222.253.17 - - [01/Oct/2022:02:08:35 -0700] "GET /robots.txt HTTP/1.1" 404 88 "-" "Mozilla/5.0 (compatible; AhrefsBot/7.0; +http://ahrefs.com/robot/)" "renalva.resende.info"
207.46.13.180 - - [01/Oct/2022:02:28:06 -0700] "GET /anonovo2006/IMG_9091.jpg HTTP/1.1" 200 24793 "-" "Mozilla/5.0 (compatible; bingbot/2.0; +http://www.bing.com/bingbot.htm)" "mauricio.resende.info"
135.181.137.110 - - [01/Oct/2022:02:40:02 -0700] "GET /robots.txt HTTP/1.1" 404 73 "-" "Mozilla/5.0 (compatible; SeekportBot; +https://bot.seekport.com)" "mauricio.resende.info"
135.181.137.110 - - [01/Oct/2022:02:40:02 -0700] "GET /robots.txt HTTP/1.1" 404 73 "-" "Mozilla/5.0 (compatible; SeekportBot; +https://bot.seekport.com)" "mauricio.resende.info"
135.181.137.110 - - [01/Oct/2022:02:40:03 -0700] "GET /pdnet/ HTTP/1.1" 200 2968 "-" "Mozilla/5.0 (compatible; SeekportBot; +https://bot.seekport.com)" "mauricio.resende.info"
114.119.152.204 - - [01/Oct/2022:02:52:54 -0700] "GET /robots.txt HTTP/1.1" 404 88 "-" "Mozilla/5.0 (compatible;PetalBot;+https://webmaster.petalsearch.com/site/petalbot)" "mauricio.resende.info"
64.71.131.243 - - [01/Oct/2022:03:00:18 -0700] "GET / HTTP/1.1" 200 2831 "-" "Mozilla/5.0 (compatible; ev-crawler/1.0; +https://headline.com/legal/crawler)" "resende.info"
185.191.171.2 - - [01/Oct/2022:03:01:23 -0700] "GET /robots.txt HTTP/1.1" 404 88 "-" "Mozilla/5.0 (compatible; SemrushBot/7~bl; +http://www.semrush.com/bot.html)" "mauricio.resende.info"
185.191.171.20 - - [01/Oct/2022:03:01:23 -0700] "GET /anonovo2013/ HTTP/1.1" 200 29334 "-" "Mozilla/5.0 (compatible; SemrushBot/7~bl; +http://www.semrush.com/bot.html)" "mauricio.resende.info"
207.46.13.125 - - [01/Oct/2022:03:06:34 -0700] "GET /newyears2010/photos/web-resolution/2009-mgcr/IMG_7827.JPG HTTP/1.1" 200 77344 "-" "Mozilla/5.0 (compatible; bingbot/2.0; +http://www.bing.com/bingbot.htm)" "mauricio.resende.info"
66.249.68.31 - - [01/Oct/2022:03:08:20 -0700] "GET /robots.txt HTTP/1.1" 404 88 "-" "Mozilla/5.0 (compatible; Googlebot/2.1; +http://www.google.com/bot.html)" "resende.info"
66.249.68.31 - - [01/Oct/2022:03:08:22 -0700] "GET /ads.txt HTTP/1.1" 404 88 "-" "Mozilla/5.0 (compatible; Googlebot/2.1; +http://www.google.com/bot.html)" "resende.info"
42.83.147.34 - - [01/Oct/2022:03:24:29 -0700] "GET / HTTP/1.1" 200 2283 "-" "Mozilla/5.0 (Windows NT 6.1; Win64; x64) AppleWebKit/537.36 (KHTML, like Gecko)Chrome/74.0.3729.169 Safari/537.36" "polverelli.resende.info"
157.55.39.36 - - [01/Oct/2022:03:34:21 -0700] "GET /doc/sgrasp2008c.pdf HTTP/1.1" 404 88 "-" "Mozilla/5.0 (compatible; bingbot/2.0; +http://www.bing.com/bingbot.htm)" "resende.info"
81.33.83.104 - - [01/Oct/2022:03:43:49 -0700] "GET /talks/2012-09-CLAIO2012-brkga-tutorial-both-days.pdf HTTP/1.1" 200 4698181 "-" "Mozilla/5.0 (Windows NT 10.0; Win64; x64) AppleWebKit/537.36 (KHTML, like Gecko) Chrome/105.0.0.0 Safari/537.36 OPR/91.0.4516.16" "mauricio.resende.info"
81.33.83.104 - - [01/Oct/2022:03:43:50 -0700] "GET /favicon.ico HTTP/1.1" 404 88 "http://mauricio.resende.info/talks/2012-09-CLAIO2012-brkga-tutorial-both-days.pdf" "Mozilla/5.0 (Windows NT 10.0; Win64; x64) AppleWebKit/537.36 (KHTML, like Gecko) Chrome/105.0.0.0 Safari/537.36 OPR/91.0.4516.16" "mauricio.resende.info"
157.55.39.36 - - [01/Oct/2022:03:55:32 -0700] "GET /doc/sa-orl.pdf HTTP/1.1" 200 1492890 "-" "Mozilla/5.0 (compatible; bingbot/2.0; +http://www.bing.com/bingbot.htm)" "mauricio.resende.info"
5.45.207.99 - - [01/Oct/2022:04:04:01 -0700] "GET /robots.txt HTTP/1.1" 404 73 "-" "Mozilla/5.0 (compatible; YandexBot/3.0; +http://yandex.com/bots)" "mauricio.resende.info"
5.45.207.130 - - [01/Oct/2022:04:04:04 -0700] "GET /anonovo2011/photos/2010-05-01-obama-at-sasha-graduation.jpg HTTP/1.1" 200 81935 "-" "Mozilla/5.0 (compatible; YandexImages/3.0; +http://yandex.com/bots)" "mauricio.resende.info"
207.46.13.125 - - [01/Oct/2022:04:06:01 -0700] "GET /newyears2004/ HTTP/1.1" 200 5231 "-" "Mozilla/5.0 (compatible; bingbot/2.0; +http://www.bing.com/bingbot.htm)" "mauricio.resende.info"
207.46.13.180 - - [01/Oct/2022:04:08:31 -0700] "GET /grasp/gannbib/transportation/index.html HTTP/1.1" 200 2328 "-" "Mozilla/5.0 AppleWebKit/537.36 (KHTML, like Gecko; compatible; bingbot/2.0; +http://www.bing.com/bingbot.htm) Chrome/103.0.5060.134 Safari/537.36" "mauricio.resende.info"
40.77.167.95 - - [01/Oct/2022:04:19:10 -0700] "GET /robots.txt HTTP/1.1" 404 88 "-" "Mozilla/5.0 AppleWebKit/537.36 (KHTML, like Gecko; compatible; bingbot/2.0; +http://www.bing.com/bingbot.htm) Chrome/103.0.5060.134 Safari/537.36" "www.resende.info"
157.55.39.103 - - [01/Oct/2022:04:19:21 -0700] "GET / HTTP/1.1" 200 1025 "-" "Mozilla/5.0 (compatible; bingbot/2.0; +http://www.bing.com/bingbot.htm)" "www.resende.info"
118.184.177.2 - - [01/Oct/2022:04:24:02 -0700] "GET / HTTP/1.1" 200 1025 "-" "Sogou web spider/4.0(+http://www.sogou.com/docs/help/webmasters.htm#07)" "resende.info"
157.55.39.103 - - [01/Oct/2022:04:37:12 -0700] "GET /abstracts/gevpr-tuning.html HTTP/1.1" 304 - "-" "Mozilla/5.0 (compatible; bingbot/2.0; +http://www.bing.com/bingbot.htm)" "mauricio.resende.info"
64.124.8.37 - - [01/Oct/2022:04:39:08 -0700] "GET /robots.txt HTTP/1.1" 404 88 "-" "Mozilla/5.0 (X11; Linux x86_64) AppleWebKit/537.36 (KHTML, like Gecko) Chrome/61.0.3163.79 Safari/537.36" "mauricio.resende.info"
64.124.8.37 - - [01/Oct/2022:04:39:09 -0700] "GET / HTTP/1.1" 304 - "-" "Mozilla/5.0 (X11; Linux x86_64) AppleWebKit/537.36 (KHTML, like Gecko) Chrome/61.0.3163.79 Safari/537.36" "mauricio.resende.info"
207.46.13.180 - - [01/Oct/2022:04:40:38 -0700] "GET /newyears2005/ HTTP/1.1" 200 5244 "-" "Mozilla/5.0 (compatible; bingbot/2.0; +http://www.bing.com/bingbot.htm)" "mauricio.resende.info"
61.135.159.145 - - [01/Oct/2022:04:42:53 -0700] "GET / HTTP/1.1" 200 1025 "-" "Sogou web spider/4.0(+http://www.sogou.com/docs/help/webmasters.htm#07)" "www.resende.info"
66.249.68.18 - - [01/Oct/2022:04:45:40 -0700] "GET /ads.txt HTTP/1.1" 404 88 "-" "Mozilla/5.0 (compatible; Googlebot/2.1; +http://www.google.com/bot.html)" "resende.info"
118.99.125.1 - - [01/Oct/2022:04:45:54 -0700] "GET /doc/multistart.pdf HTTP/1.1" 200 181820 "https://www.google.com/" "Mozilla/5.0 (Windows NT 10.0; Win64; x64) AppleWebKit/537.36 (KHTML, like Gecko) Chrome/105.0.0.0 Safari/537.36" "mauricio.resende.info"
118.99.125.1 - - [01/Oct/2022:04:45:55 -0700] "GET /favicon.ico HTTP/1.1" 404 88 "http://mauricio.resende.info/doc/multistart.pdf" "Mozilla/5.0 (Windows NT 10.0; Win64; x64) AppleWebKit/537.36 (KHTML, like Gecko) Chrome/105.0.0.0 Safari/537.36" "mauricio.resende.info"
103.131.71.48 - - [01/Oct/2022:04:48:55 -0700] "GET /robots.txt HTTP/1.1" 404 88 "-" "Mozilla/5.0 (compatible; coccocbot-image/1.0; +http://help.coccoc.com/searchengine)" "mauricio.resende.info"
103.131.71.23 - - [01/Oct/2022:04:49:03 -0700] "GET /tttplots/exp-points.jpg HTTP/1.1" 304 - "-" "Mozilla/5.0 (compatible; coccocbot-image/1.0; +http://help.coccoc.com/searchengine)" "mauricio.resende.info"
40.77.167.10 - - [01/Oct/2022:04:55:36 -0700] "GET /bio/index.html HTTP/1.1" 200 6691 "-" "Mozilla/5.0 (compatible; bingbot/2.0; +http://www.bing.com/bingbot.htm)" "mauricio.resende.info"
64.124.8.37 - - [01/Oct/2022:04:56:05 -0700] "GET /data/qap_lb/index.html HTTP/1.1" 304 - "-" "Mozilla/5.0 (X11; Linux x86_64) AppleWebKit/537.36 (KHTML, like Gecko) Chrome/61.0.3163.79 Safari/537.36" "mauricio.resende.info"
23.100.232.233 - - [01/Oct/2022:04:58:08 -0700] "GET /anonovo2007/ HTTP/1.1" 200 12679 "-" "Mozilla/5.0 (compatible; MSIE 9.0; Windows NT 6.0; Trident/5.0;  Trident/5.0)" "mauricio.resende.info"
207.46.13.125 - - [01/Oct/2022:04:58:45 -0700] "GET / HTTP/1.1" 200 1024 "-" "Mozilla/5.0 (compatible; bingbot/2.0; +http://www.bing.com/bingbot.htm)" "mauricio.resende.info"
185.191.171.21 - - [01/Oct/2022:05:08:29 -0700] "GET /robots.txt HTTP/1.1" 404 88 "-" "Mozilla/5.0 (compatible; SemrushBot/7~bl; +http://www.semrush.com/bot.html)" "mauricio.resende.info"
185.191.171.18 - - [01/Oct/2022:05:08:30 -0700] "GET /abstracts/esh-mbv.html HTTP/1.1" 200 1175 "-" "Mozilla/5.0 (compatible; SemrushBot/7~bl; +http://www.semrush.com/bot.html)" "mauricio.resende.info"
23.100.232.233 - - [01/Oct/2022:05:23:24 -0700] "GET /newyears2011/page2.html HTTP/1.1" 200 2897 "-" "Mozilla/5.0 (compatible; MSIE 9.0; Windows NT 6.0; Trident/5.0;  Trident/5.0)" "mauricio.resende.info"
216.244.66.247 - - [01/Oct/2022:05:24:35 -0700] "GET /robots.txt HTTP/1.1" 404 73 "-" "Mozilla/5.0 (compatible; DotBot/1.2; +https://opensiteexplorer.org/dotbot; help@moz.com)" "mauricio.resende.info"
216.244.66.247 - - [01/Oct/2022:05:27:00 -0700] "GET /newyears2011/index.html HTTP/1.1" 200 36813 "-" "Mozilla/5.0 (compatible; DotBot/1.2; +https://opensiteexplorer.org/dotbot; help@moz.com)" "mauricio.resende.info"
216.244.66.247 - - [01/Oct/2022:05:27:06 -0700] "GET /abstracts/gevpr-tuning.html HTTP/1.1" 200 3094 "-" "Mozilla/5.0 (compatible; DotBot/1.2; +https://opensiteexplorer.org/dotbot; help@moz.com)" "mauricio.resende.info"
216.244.66.247 - - [01/Oct/2022:05:32:48 -0700] "GET /doc/shybgrasp.pdf HTTP/1.1" 200 318023 "-" "Mozilla/5.0 (compatible; DotBot/1.2; +https://opensiteexplorer.org/dotbot; help@moz.com)" "mauricio.resende.info"
95.108.213.21 - - [01/Oct/2022:05:55:08 -0700] "GET /robots.txt HTTP/1.1" 404 73 "-" "Mozilla/5.0 (compatible; YandexBot/3.0; +http://yandex.com/bots)" "resende.info"
5.255.231.121 - - [01/Oct/2022:05:55:12 -0700] "GET / HTTP/1.1" 200 1025 "-" "Mozilla/5.0 (compatible; YandexBot/3.0; +http://yandex.com/bots)" "resende.info"
125.209.235.185 - - [01/Oct/2022:06:03:32 -0700] "GET /robots.txt HTTP/1.1" 404 88 "-" "Mozilla/5.0 (compatible; Yeti/1.1; +https://naver.me/spd)" "mauricio.resende.info"
110.93.150.38 - - [01/Oct/2022:06:03:36 -0700] "GET / HTTP/1.1" 200 1024 "-" "Mozilla/5.0 (compatible; Yeti/1.1; +https://naver.me/spd)" "mauricio.resende.info"
23.100.232.233 - - [01/Oct/2022:06:05:28 -0700] "GET /anonovo2008/ HTTP/1.1" 200 19324 "-" "Mozilla/5.0 (compatible; MSIE 9.0; Windows NT 6.1; Trident/5.0;  Trident/5.0)" "mauricio.resende.info"
95.108.213.21 - - [01/Oct/2022:06:08:14 -0700] "GET /robots.txt HTTP/1.1" 404 73 "-" "Mozilla/5.0 (compatible; YandexBot/3.0; +http://yandex.com/bots)" "resende.info"
95.108.213.21 - - [01/Oct/2022:06:08:18 -0700] "GET /abstracts/gqapd.html HTTP/1.1" 404 88 "-" "Mozilla/5.0 (compatible; YandexBot/3.0; +http://yandex.com/bots)" "resende.info"
198.235.24.53 - - [01/Oct/2022:06:16:32 -0700] "GET / HTTP/1.1" 200 2830 "-" "Expanse, a Palo Alto Networks company, searches across the global IPv4 space multiple times per day to identify customers&#39; presences on the Internet. If you would like to be excluded from our scans, please send IP addresses/domains to: scaninfo@paloaltonetworks.com" "mauricio.resende.info"
95.108.213.21 - - [01/Oct/2022:06:20:51 -0700] "GET /phd-thesis/chapter_1.pdf HTTP/1.1" 200 244500 "-" "Mozilla/5.0 (compatible; YandexBot/3.0; +http://yandex.com/bots)" "mauricio.resende.info"
207.46.13.125 - - [01/Oct/2022:06:22:24 -0700] "GET /abstracts/sgrasp2008a.html HTTP/1.1" 404 88 "-" "Mozilla/5.0 (compatible; bingbot/2.0; +http://www.bing.com/bingbot.htm)" "www.resende.info"
114.119.136.176 - - [01/Oct/2022:06:23:54 -0700] "GET /grasp/gannbib/manufacturing/index.html HTTP/1.1" 200 1878 "http://mauricio.resende.info/grasp/gannbib/gannbib.html" "Mozilla/5.0 (Linux; Android 7.0;) AppleWebKit/537.36 (KHTML, like Gecko) Mobile Safari/537.36 (compatible; PetalBot;+https://webmaster.petalsearch.com/site/petalbot)" "mauricio.resende.info"
36.40.66.38 - - [01/Oct/2022:06:24:48 -0700] "GET / HTTP/1.1" 200 2283 "http://www.polverelli.info" "Mozilla/5.0 (iPhone; CPU iPhone OS 13_2_3 like Mac OS X) AppleWebKit/605.1.15 (KHTML, like Gecko) Version/13.0.3 Mobile/15E148 Safari/604.1" "polverelli.resende.info"
114.119.136.190 - - [01/Oct/2022:06:26:42 -0700] "GET /doc/gabib-appl.pdf HTTP/1.1" 200 345903 "https://mauricio.resende.info/abstracts/gabib-appl.html" "Mozilla/5.0 (Linux; Android 7.0;) AppleWebKit/537.36 (KHTML, like Gecko) Mobile Safari/537.36 (compatible; PetalBot;+https://webmaster.petalsearch.com/site/petalbot)" "mauricio.resende.info"
114.119.136.174 - - [01/Oct/2022:06:28:45 -0700] "GET /abstracts/sgrasp2008d.html HTTP/1.1" 200 1125 "https://mauricio.resende.info/papers.html" "Mozilla/5.0 (Linux; Android 7.0;) AppleWebKit/537.36 (KHTML, like Gecko) Mobile Safari/537.36 (compatible; PetalBot;+https://webmaster.petalsearch.com/site/petalbot)" "mauricio.resende.info"
64.124.8.57 - - [01/Oct/2022:06:29:41 -0700] "GET /robots.txt HTTP/1.1" 404 88 "-" "Mozilla/5.0 (X11; Linux x86_64) AppleWebKit/537.36 (KHTML, like Gecko) Chrome/61.0.3163.79 Safari/537.36" "mauricio.resende.info"
64.124.8.57 - - [01/Oct/2022:06:29:41 -0700] "GET /data/cell-formation HTTP/1.1" 301 1418 "-" "Mozilla/5.0 (X11; Linux x86_64) AppleWebKit/537.36 (KHTML, like Gecko) Chrome/61.0.3163.79 Safari/537.36" "mauricio.resende.info"
114.119.136.188 - - [01/Oct/2022:06:30:18 -0700] "GET /pdnet/src/pdchkp-f.html HTTP/1.1" 200 828 "http://mauricio.resende.info/pdnet/src-listing.html" "Mozilla/5.0 (Linux; Android 7.0;) AppleWebKit/537.36 (KHTML, like Gecko) Mobile Safari/537.36 (compatible; PetalBot;+https://webmaster.petalsearch.com/site/petalbot)" "mauricio.resende.info"
114.119.136.190 - - [01/Oct/2022:06:31:46 -0700] "GET /doc/parheur.pdf HTTP/1.1" 200 319621 "https://mauricio.resende.info/abstracts/parheur.html" "Mozilla/5.0 (Linux; Android 7.0;) AppleWebKit/537.36 (KHTML, like Gecko) Mobile Safari/537.36 (compatible; PetalBot;+https://webmaster.petalsearch.com/site/petalbot)" "mauricio.resende.info"
14.116.158.108 - - [01/Oct/2022:06:32:00 -0700] "GET / HTTP/1.1" 200 1025 "-" "Mozilla/5.0 (iPhone; CPU iPhone OS 13_2_3 like Mac OS X) AppleWebKit/605.1.15 (KHTML, like Gecko) Version/13.0.3 Mobile/15E148 Safari/604.1" "resende.info"
185.191.171.22 - - [01/Oct/2022:06:33:16 -0700] "GET /robots.txt HTTP/1.1" 404 88 "-" "Mozilla/5.0 (compatible; SemrushBot/7~bl; +http://www.semrush.com/bot.html)" "mauricio.resende.info"
185.191.171.1 - - [01/Oct/2022:06:33:18 -0700] "GET /anonovo2004 HTTP/1.1" 301 1416 "-" "Mozilla/5.0 (compatible; SemrushBot/7~bl; +http://www.semrush.com/bot.html)" "mauricio.resende.info"
114.119.136.190 - - [01/Oct/2022:06:33:18 -0700] "GET /anonovo2012/Default.aspx?alias=www.vet.upenn.edu/ryanveterinaryhospital HTTP/1.1" 404 88 "http://mauricio.resende.info/anonovo2012" "Mozilla/5.0 (Linux; Android 7.0;) AppleWebKit/537.36 (KHTML, like Gecko) Mobile Safari/537.36 (compatible; PetalBot;+https://webmaster.petalsearch.com/site/petalbot)" "mauricio.resende.info"
185.191.171.4 - - [01/Oct/2022:06:33:20 -0700] "GET /anonovo2004/ HTTP/1.1" 200 5764 "-" "Mozilla/5.0 (compatible; SemrushBot/7~bl; +http://www.semrush.com/bot.html)" "mauricio.resende.info"
114.119.136.190 - - [01/Oct/2022:06:35:16 -0700] "GET /bio/index.html HTTP/1.1" 200 6691 "http://mauricio.resende.info/" "Mozilla/5.0 (Linux; Android 7.0;) AppleWebKit/537.36 (KHTML, like Gecko) Mobile Safari/537.36 (compatible; PetalBot;+https://webmaster.petalsearch.com/site/petalbot)" "mauricio.resende.info"
114.119.136.188 - - [01/Oct/2022:06:36:47 -0700] "GET /hao/abs/12.html HTTP/1.1" 200 672 "http://mauricio.resende.info/hao.html" "Mozilla/5.0 (Linux; Android 7.0;) AppleWebKit/537.36 (KHTML, like Gecko) Mobile Safari/537.36 (compatible; PetalBot;+https://webmaster.petalsearch.com/site/petalbot)" "mauricio.resende.info"
23.100.232.233 - - [01/Oct/2022:06:42:12 -0700] "GET /newyears2007/ HTTP/1.1" 200 10326 "-" "Mozilla/5.0 (compatible; MSIE 9.0; Windows NT 6.1; Trident/5.0;  Trident/5.0)" "mauricio.resende.info"
103.131.71.32 - - [01/Oct/2022:06:42:24 -0700] "GET /robots.txt HTTP/1.1" 404 88 "-" "Mozilla/5.0 (compatible; coccocbot-image/1.0; +http://help.coccoc.com/searchengine)" "resende.info"
23.100.232.233 - - [01/Oct/2022:06:46:04 -0700] "GET /bio/sasha.html HTTP/1.1" 200 735 "-" "Mozilla/5.0 (compatible; MSIE 9.0; Windows NT 6.0; Trident/5.0;  Trident/5.0)" "mauricio.resende.info"
207.46.13.237 - - [01/Oct/2022:06:47:05 -0700] "GET /robots.txt HTTP/1.1" 404 88 "-" "Mozilla/5.0 (compatible; bingbot/2.0; +http://www.bing.com/bingbot.htm)" "alec.resende.info"
207.46.13.180 - - [01/Oct/2022:06:47:16 -0700] "GET / HTTP/1.1" 200 197 "-" "Mozilla/5.0 AppleWebKit/537.36 (KHTML, like Gecko; compatible; bingbot/2.0; +http://www.bing.com/bingbot.htm) Chrome/103.0.5060.134 Safari/537.36" "alec.resende.info"
114.119.136.190 - - [01/Oct/2022:06:47:18 -0700] "GET /doc/brkga-jss2011.pdf HTTP/1.1" 404 88 "https://www.resende.info/papers.html" "Mozilla/5.0 (Linux; Android 7.0;) AppleWebKit/537.36 (KHTML, like Gecko) Mobile Safari/537.36 (compatible; PetalBot;+https://webmaster.petalsearch.com/site/petalbot)" "www.resende.info"
40.77.167.12 - - [01/Oct/2022:06:47:45 -0700] "GET / HTTP/1.1" 200 641 "-" "Mozilla/5.0 (compatible; bingbot/2.0; +http://www.bing.com/bingbot.htm)" "renalva.resende.info"
114.119.136.176 - - [01/Oct/2022:06:48:50 -0700] "GET /conferences/sea2010/Contribution165.pdf HTTP/1.1" 200 202918 "https://www.semanticscholar.org/author/H.-Abeledo/2448058" "Mozilla/5.0 (Linux; Android 7.0;) AppleWebKit/537.36 (KHTML, like Gecko) Mobile Safari/537.36 (compatible; PetalBot;+https://webmaster.petalsearch.com/site/petalbot)" "www.resende.info"
87.250.224.160 - - [01/Oct/2022:06:49:20 -0700] "GET /robots.txt HTTP/1.1" 404 73 "-" "Mozilla/5.0 (compatible; YandexBot/3.0; +http://yandex.com/bots)" "www.resende.info"
87.250.224.160 - - [01/Oct/2022:06:49:24 -0700] "GET / HTTP/1.1" 200 1025 "-" "Mozilla/5.0 (compatible; YandexBot/3.0; +http://yandex.com/bots)" "www.resende.info"
114.119.136.176 - - [01/Oct/2022:06:51:49 -0700] "GET /polverelli/orestes/decada1.html HTTP/1.1" 200 12233 "http://www.resende.info/polverelli/oldindex.html" "Mozilla/5.0 (Linux; Android 7.0;) AppleWebKit/537.36 (KHTML, like Gecko) Mobile Safari/537.36 (compatible; PetalBot;+https://webmaster.petalsearch.com/site/petalbot)" "www.resende.info"
114.119.136.175 - - [01/Oct/2022:06:53:48 -0700] "GET /mauricio/doc/gpbx.pdf HTTP/1.1" 200 98957 "-" "Mozilla/5.0 (Linux; Android 7.0;) AppleWebKit/537.36 (KHTML, like Gecko) Mobile Safari/537.36 (compatible; PetalBot;+https://webmaster.petalsearch.com/site/petalbot)" "www.resende.info"
114.119.136.174 - - [01/Oct/2022:06:55:19 -0700] "GET /doc/pdas.pdf HTTP/1.1" 200 299926 "http://mauricio.resende.info/abstracts/pdas.html" "Mozilla/5.0 (Linux; Android 7.0;) AppleWebKit/537.36 (KHTML, like Gecko) Mobile Safari/537.36 (compatible; PetalBot;+https://webmaster.petalsearch.com/site/petalbot)" "mauricio.resende.info"
114.119.136.190 - - [01/Oct/2022:06:56:48 -0700] "GET /newyears2012/ HTTP/1.1" 200 23350 "-" "Mozilla/5.0 (Linux; Android 7.0;) AppleWebKit/537.36 (KHTML, like Gecko) Mobile Safari/537.36 (compatible; PetalBot;+https://webmaster.petalsearch.com/site/petalbot)" "mauricio.resende.info"
114.119.136.175 - - [01/Oct/2022:06:58:46 -0700] "GET /doc/gbiqap.pdf HTTP/1.1" 200 193716 "http://mauricio.resende.info/papers.html" "Mozilla/5.0 (Linux; Android 7.0;) AppleWebKit/537.36 (KHTML, like Gecko) Mobile Safari/537.36 (compatible; PetalBot;+https://webmaster.petalsearch.com/site/petalbot)" "mauricio.resende.info"
189.40.90.74 - - [01/Oct/2022:06:59:08 -0700] "GET / HTTP/1.1" 304 - "https://www.google.com/" "Mozilla/5.0 (Linux; Android 12; SM-G780G) AppleWebKit/537.36 (KHTML, like Gecko) Chrome/106.0.0.0 Mobile Safari/537.36" "mauricio.resende.info"
189.40.90.74 - - [01/Oct/2022:06:59:08 -0700] "GET /SpryAssets/SpryMenuBar.js HTTP/1.1" 200 6300 "http://mauricio.resende.info/" "Mozilla/5.0 (Linux; Android 12; SM-G780G) AppleWebKit/537.36 (KHTML, like Gecko) Chrome/106.0.0.0 Mobile Safari/537.36" "mauricio.resende.info"
114.119.136.184 - - [01/Oct/2022:07:00:19 -0700] "GET /doc/gamult.pdf HTTP/1.1" 404 88 "https://resende.info/papers.html" "Mozilla/5.0 (Linux; Android 7.0;) AppleWebKit/537.36 (KHTML, like Gecko) Mobile Safari/537.36 (compatible; PetalBot;+https://webmaster.petalsearch.com/site/petalbot)" "resende.info"
114.119.136.190 - - [01/Oct/2022:07:01:46 -0700] "GET /abstracts/gabib-appl.html HTTP/1.1" 200 1168 "https://mauricio.resende.info/papers.html" "Mozilla/5.0 (Linux; Android 7.0;) AppleWebKit/537.36 (KHTML, like Gecko) Mobile Safari/537.36 (compatible; PetalBot;+https://webmaster.petalsearch.com/site/petalbot)" "mauricio.resende.info"
118.184.177.2 - - [01/Oct/2022:07:02:30 -0700] "GET / HTTP/1.1" 200 1025 "-" "Sogou web spider/4.0(+http://www.sogou.com/docs/help/webmasters.htm#07)" "resende.info"
114.119.136.175 - - [01/Oct/2022:07:03:16 -0700] "GET /doc/gplts.ps HTTP/1.1" 200 1051337 "http://mauricio.resende.info/abstracts/gplts.html" "Mozilla/5.0 (Linux; Android 7.0;) AppleWebKit/537.36 (KHTML, like Gecko) Mobile Safari/537.36 (compatible; PetalBot;+https://webmaster.petalsearch.com/site/petalbot)" "mauricio.resende.info"
118.99.125.1 - - [01/Oct/2022:07:06:15 -0700] "GET /doc/multistart.pdf HTTP/1.1" 206 1 "https://www.google.com/" "Mozilla/5.0 (Windows NT 10.0; Win64; x64) AppleWebKit/537.36 (KHTML, like Gecko) Chrome/105.0.0.0 Safari/537.36" "mauricio.resende.info"
118.99.125.1 - - [01/Oct/2022:07:06:15 -0700] "GET /doc/multistart.pdf HTTP/1.1" 206 53925 "https://www.google.com/" "Mozilla/5.0 (Windows NT 10.0; Win64; x64) AppleWebKit/537.36 (KHTML, like Gecko) Chrome/105.0.0.0 Safari/537.36" "mauricio.resende.info"
20.249.58.93 - - [01/Oct/2022:07:06:35 -0700] "GET / HTTP/1.1" 200 2831 "-" "Mozilla/5.0 (Windows NT 10.0; Win64; x64) AppleWebKit/537.36 (KHTML, like Gecko) Chrome/89.0.4389.114 Safari/537.36" "resende.info"
20.249.58.93 - - [01/Oct/2022:07:06:35 -0700] "GET / HTTP/1.1" 200 2831 "-" "Mozilla/5.0 (Windows NT 10.0; Win64; x64) AppleWebKit/537.36 (KHTML, like Gecko) Chrome/89.0.4389.114 Safari/537.36" "resende.info"
20.249.58.93 - - [01/Oct/2022:07:06:36 -0700] "GET /wp-includes/wlwmanifest.xml HTTP/1.1" 404 73 "-" "Mozilla/5.0 (Windows NT 10.0; Win64; x64) AppleWebKit/537.36 (KHTML, like Gecko) Chrome/89.0.4389.114 Safari/537.36" "resende.info"
20.249.58.93 - - [01/Oct/2022:07:06:36 -0700] "GET /xmlrpc.php?rsd HTTP/1.1" 500 5611 "-" "Mozilla/5.0 (Windows NT 10.0; Win64; x64) AppleWebKit/537.36 (KHTML, like Gecko) Chrome/89.0.4389.114 Safari/537.36" "resende.info"
20.249.58.93 - - [01/Oct/2022:07:06:36 -0700] "GET / HTTP/1.1" 200 2831 "-" "Mozilla/5.0 (Windows NT 10.0; Win64; x64) AppleWebKit/537.36 (KHTML, like Gecko) Chrome/89.0.4389.114 Safari/537.36" "resende.info"
20.249.58.93 - - [01/Oct/2022:07:06:37 -0700] "GET /blog/wp-includes/wlwmanifest.xml HTTP/1.1" 404 73 "-" "Mozilla/5.0 (Windows NT 10.0; Win64; x64) AppleWebKit/537.36 (KHTML, like Gecko) Chrome/89.0.4389.114 Safari/537.36" "resende.info"
20.249.58.93 - - [01/Oct/2022:07:06:37 -0700] "GET /web/wp-includes/wlwmanifest.xml HTTP/1.1" 404 73 "-" "Mozilla/5.0 (Windows NT 10.0; Win64; x64) AppleWebKit/537.36 (KHTML, like Gecko) Chrome/89.0.4389.114 Safari/537.36" "resende.info"
20.249.58.93 - - [01/Oct/2022:07:06:37 -0700] "GET /wordpress/wp-includes/wlwmanifest.xml HTTP/1.1" 404 73 "-" "Mozilla/5.0 (Windows NT 10.0; Win64; x64) AppleWebKit/537.36 (KHTML, like Gecko) Chrome/89.0.4389.114 Safari/537.36" "resende.info"
20.249.58.93 - - [01/Oct/2022:07:06:37 -0700] "GET /website/wp-includes/wlwmanifest.xml HTTP/1.1" 404 73 "-" "Mozilla/5.0 (Windows NT 10.0; Win64; x64) AppleWebKit/537.36 (KHTML, like Gecko) Chrome/89.0.4389.114 Safari/537.36" "resende.info"
20.249.58.93 - - [01/Oct/2022:07:06:38 -0700] "GET /wp/wp-includes/wlwmanifest.xml HTTP/1.1" 404 73 "-" "Mozilla/5.0 (Windows NT 10.0; Win64; x64) AppleWebKit/537.36 (KHTML, like Gecko) Chrome/89.0.4389.114 Safari/537.36" "resende.info"
20.249.58.93 - - [01/Oct/2022:07:06:38 -0700] "GET /news/wp-includes/wlwmanifest.xml HTTP/1.1" 404 73 "-" "Mozilla/5.0 (Windows NT 10.0; Win64; x64) AppleWebKit/537.36 (KHTML, like Gecko) Chrome/89.0.4389.114 Safari/537.36" "resende.info"
20.249.58.93 - - [01/Oct/2022:07:06:38 -0700] "GET /2020/wp-includes/wlwmanifest.xml HTTP/1.1" 404 73 "-" "Mozilla/5.0 (Windows NT 10.0; Win64; x64) AppleWebKit/537.36 (KHTML, like Gecko) Chrome/89.0.4389.114 Safari/537.36" "resende.info"
20.249.58.93 - - [01/Oct/2022:07:06:38 -0700] "GET /2019/wp-includes/wlwmanifest.xml HTTP/1.1" 404 73 "-" "Mozilla/5.0 (Windows NT 10.0; Win64; x64) AppleWebKit/537.36 (KHTML, like Gecko) Chrome/89.0.4389.114 Safari/537.36" "resende.info"
20.249.58.93 - - [01/Oct/2022:07:06:39 -0700] "GET /shop/wp-includes/wlwmanifest.xml HTTP/1.1" 404 73 "-" "Mozilla/5.0 (Windows NT 10.0; Win64; x64) AppleWebKit/537.36 (KHTML, like Gecko) Chrome/89.0.4389.114 Safari/537.36" "resende.info"
20.249.58.93 - - [01/Oct/2022:07:06:39 -0700] "GET /wp1/wp-includes/wlwmanifest.xml HTTP/1.1" 404 73 "-" "Mozilla/5.0 (Windows NT 10.0; Win64; x64) AppleWebKit/537.36 (KHTML, like Gecko) Chrome/89.0.4389.114 Safari/537.36" "resende.info"
20.249.58.93 - - [01/Oct/2022:07:06:39 -0700] "GET /test/wp-includes/wlwmanifest.xml HTTP/1.1" 404 73 "-" "Mozilla/5.0 (Windows NT 10.0; Win64; x64) AppleWebKit/537.36 (KHTML, like Gecko) Chrome/89.0.4389.114 Safari/537.36" "resende.info"
20.249.58.93 - - [01/Oct/2022:07:06:39 -0700] "GET /wp2/wp-includes/wlwmanifest.xml HTTP/1.1" 404 73 "-" "Mozilla/5.0 (Windows NT 10.0; Win64; x64) AppleWebKit/537.36 (KHTML, like Gecko) Chrome/89.0.4389.114 Safari/537.36" "resende.info"
20.249.58.93 - - [01/Oct/2022:07:06:40 -0700] "GET /site/wp-includes/wlwmanifest.xml HTTP/1.1" 404 73 "-" "Mozilla/5.0 (Windows NT 10.0; Win64; x64) AppleWebKit/537.36 (KHTML, like Gecko) Chrome/89.0.4389.114 Safari/537.36" "resende.info"
20.249.58.93 - - [01/Oct/2022:07:06:40 -0700] "GET /cms/wp-includes/wlwmanifest.xml HTTP/1.1" 404 73 "-" "Mozilla/5.0 (Windows NT 10.0; Win64; x64) AppleWebKit/537.36 (KHTML, like Gecko) Chrome/89.0.4389.114 Safari/537.36" "resende.info"
20.249.58.93 - - [01/Oct/2022:07:06:40 -0700] "GET /sito/wp-includes/wlwmanifest.xml HTTP/1.1" 404 73 "-" "Mozilla/5.0 (Windows NT 10.0; Win64; x64) AppleWebKit/537.36 (KHTML, like Gecko) Chrome/89.0.4389.114 Safari/537.36" "resende.info"
114.119.136.176 - - [01/Oct/2022:07:06:47 -0700] "GET /doc/gpmaxsat.ps.Z HTTP/1.1" 200 89457 "http://mauricio.resende.info/abstracts/gpmaxsat.html" "Mozilla/5.0 (Linux; Android 7.0;) AppleWebKit/537.36 (KHTML, like Gecko) Mobile Safari/537.36 (compatible; PetalBot;+https://webmaster.petalsearch.com/site/petalbot)" "mauricio.resende.info"
114.119.136.176 - - [01/Oct/2022:07:08:20 -0700] "GET /polverelli/orestes/finalmentes.html HTTP/1.1" 200 14539 "http://www.resende.info/polverelli/oldindex.html" "Mozilla/5.0 (Linux; Android 7.0;) AppleWebKit/537.36 (KHTML, like Gecko) Mobile Safari/537.36 (compatible; PetalBot;+https://webmaster.petalsearch.com/site/petalbot)" "www.resende.info"
114.119.136.190 - - [01/Oct/2022:07:10:15 -0700] "GET /abstracts/cgrasp.html HTTP/1.1" 200 1037 "https://mauricio.resende.info/papers.html" "Mozilla/5.0 (Linux; Android 7.0;) AppleWebKit/537.36 (KHTML, like Gecko) Mobile Safari/537.36 (compatible; PetalBot;+https://webmaster.petalsearch.com/site/petalbot)" "mauricio.resende.info"
94.181.172.15 - - [01/Oct/2022:07:11:15 -0700] "GET / HTTP/1.1" 200 2830 "-" "Mozilla/5.0 (Windows NT 6.3; Win64; x64) AppleWebKit/537.36 (KHTML, like Gecko) Chrome/75.0.3770.100 Safari/537.36" "mauricio.resende.info"
114.119.136.175 - - [01/Oct/2022:07:13:11 -0700] "GET /hmds/abs/12.html HTTP/1.1" 200 634 "http://mauricio.resende.info/hmds.html" "Mozilla/5.0 (Linux; Android 7.0;) AppleWebKit/537.36 (KHTML, like Gecko) Mobile Safari/537.36 (compatible; PetalBot;+https://webmaster.petalsearch.com/site/petalbot)" "mauricio.resende.info"
114.119.136.188 - - [01/Oct/2022:07:14:25 -0700] "GET /newyears2003/ HTTP/1.1" 200 5776 "-" "Mozilla/5.0 (Linux; Android 7.0;) AppleWebKit/537.36 (KHTML, like Gecko) Mobile Safari/537.36 (compatible; PetalBot;+https://webmaster.petalsearch.com/site/petalbot)" "mauricio.resende.info"
114.119.136.175 - - [01/Oct/2022:07:14:40 -0700] "GET /collaborators.html HTTP/1.1" 200 5590 "http://mauricio.resende.info/" "Mozilla/5.0 (Linux; Android 7.0;) AppleWebKit/537.36 (KHTML, like Gecko) Mobile Safari/537.36 (compatible; PetalBot;+https://webmaster.petalsearch.com/site/petalbot)" "mauricio.resende.info"
114.119.136.174 - - [01/Oct/2022:07:16:38 -0700] "GET /talks/2015-02-10-amazon-packing-with-brkga.pdf HTTP/1.1" 200 2639419 "http://mauricio.resende.info/cv/talks.html" "Mozilla/5.0 (Linux; Android 7.0;) AppleWebKit/537.36 (KHTML, like Gecko) Mobile Safari/537.36 (compatible; PetalBot;+https://webmaster.petalsearch.com/site/petalbot)" "mauricio.resende.info"
114.119.136.188 - - [01/Oct/2022:07:18:09 -0700] "GET /abstracts/sgrasppr.html HTTP/1.1" 200 1071 "https://mauricio.resende.info/papers.html" "Mozilla/5.0 (Linux; Android 7.0;) AppleWebKit/537.36 (KHTML, like Gecko) Mobile Safari/537.36 (compatible; PetalBot;+https://webmaster.petalsearch.com/site/petalbot)" "mauricio.resende.info"
185.191.171.8 - - [01/Oct/2022:07:19:35 -0700] "GET /abstracts/hparallel-pfsp.html HTTP/1.1" 200 1389 "-" "Mozilla/5.0 (compatible; SemrushBot/7~bl; +http://www.semrush.com/bot.html)" "mauricio.resende.info"
114.119.136.184 - - [01/Oct/2022:07:19:43 -0700] "GET /cv/references.html HTTP/1.1" 200 975 "http://mauricio.resende.info/cv.html" "Mozilla/5.0 (Linux; Android 7.0;) AppleWebKit/537.36 (KHTML, like Gecko) Mobile Safari/537.36 (compatible; PetalBot;+https://webmaster.petalsearch.com/site/petalbot)" "mauricio.resende.info"
114.119.136.190 - - [01/Oct/2022:07:21:14 -0700] "GET /talks/2014-02-28-uminho-packing-with-brkga.pdf HTTP/1.1" 200 1548682 "http://mauricio.resende.info/cv/talks.html" "Mozilla/5.0 (Linux; Android 7.0;) AppleWebKit/537.36 (KHTML, like Gecko) Mobile Safari/537.36 (compatible; PetalBot;+https://webmaster.petalsearch.com/site/petalbot)" "mauricio.resende.info"
23.100.232.233 - - [01/Oct/2022:07:28:05 -0700] "GET /anonovo2009/ HTTP/1.1" 200 23168 "-" "Mozilla/5.0 (compatible; MSIE 9.0; Windows NT 6.0; Trident/5.0;  Trident/5.0)" "mauricio.resende.info"
114.119.136.188 - - [01/Oct/2022:07:29:02 -0700] "GET /pdnet/src/pdodst-f.html HTTP/1.1" 200 1819 "http://mauricio.resende.info/pdnet/src-listing.html" "Mozilla/5.0 (Linux; Android 7.0;) AppleWebKit/537.36 (KHTML, like Gecko) Mobile Safari/537.36 (compatible; PetalBot;+https://webmaster.petalsearch.com/site/petalbot)" "mauricio.resende.info"
207.46.13.180 - - [01/Oct/2022:07:29:26 -0700] "GET / HTTP/1.1" 200 1024 "-" "Mozilla/5.0 (compatible; bingbot/2.0; +http://www.bing.com/bingbot.htm)" "mauricio.resende.info"
64.124.8.27 - - [01/Oct/2022:07:30:32 -0700] "GET /robots.txt HTTP/1.1" 404 88 "-" "Mozilla/5.0 (X11; Linux x86_64) AppleWebKit/537.36 (KHTML, like Gecko) Chrome/61.0.3163.79 Safari/537.36" "mauricio.resende.info"
64.124.8.27 - - [01/Oct/2022:07:30:32 -0700] "GET /data/ HTTP/1.1" 304 - "-" "Mozilla/5.0 (X11; Linux x86_64) AppleWebKit/537.36 (KHTML, like Gecko) Chrome/61.0.3163.79 Safari/537.36" "mauricio.resende.info"
199.47.82.18 - - [01/Oct/2022:07:31:14 -0700] "GET /robots.txt HTTP/1.1" 404 88 "-" "Turnitin (https://bit.ly/2UvnfoQ)" "resende.info"
199.47.82.18 - - [01/Oct/2022:07:31:14 -0700] "GET /robots.txt HTTP/1.1" 404 88 "-" "Turnitin (https://bit.ly/2UvnfoQ)" "mauricio.resende.info"
199.47.82.18 - - [01/Oct/2022:07:31:14 -0700] "GET /anonovo2011/index.html HTTP/1.1" 200 5880 "-" "Turnitin (https://bit.ly/2UvnfoQ)" "mauricio.resende.info"
199.47.82.18 - - [01/Oct/2022:07:31:14 -0700] "GET /hot/abstracts/authors/amaldi.html HTTP/1.1" 404 88 "-" "Turnitin (https://bit.ly/2UvnfoQ)" "mauricio.resende.info"
199.47.82.18 - - [01/Oct/2022:07:31:15 -0700] "GET /hot/abstracts/authors/ash.html HTTP/1.1" 404 88 "-" "Turnitin (https://bit.ly/2UvnfoQ)" "mauricio.resende.info"
199.47.82.18 - - [01/Oct/2022:07:31:15 -0700] "GET /hot/abstracts/authors/balasundaram.html HTTP/1.1" 404 88 "-" "Turnitin (https://bit.ly/2UvnfoQ)" "mauricio.resende.info"
199.47.82.18 - - [01/Oct/2022:07:31:16 -0700] "GET /hot/abstracts/authors/barr.html HTTP/1.1" 404 88 "-" "Turnitin (https://bit.ly/2UvnfoQ)" "mauricio.resende.info"
199.47.82.18 - - [01/Oct/2022:07:31:16 -0700] "GET /hot/abstracts/authors/boljuncic.html HTTP/1.1" 404 88 "-" "Turnitin (https://bit.ly/2UvnfoQ)" "mauricio.resende.info"
199.47.82.18 - - [01/Oct/2022:07:31:17 -0700] "GET /hot/abstracts/authors/borst.html HTTP/1.1" 404 88 "-" "Turnitin (https://bit.ly/2UvnfoQ)" "mauricio.resende.info"
199.47.82.18 - - [01/Oct/2022:07:31:17 -0700] "GET /hot/abstracts/authors/butenko.html HTTP/1.1" 404 88 "-" "Turnitin (https://bit.ly/2UvnfoQ)" "mauricio.resende.info"
199.47.82.18 - - [01/Oct/2022:07:31:18 -0700] "GET /hot/abstracts/authors/capone.html HTTP/1.1" 404 88 "-" "Turnitin (https://bit.ly/2UvnfoQ)" "mauricio.resende.info"
199.47.82.18 - - [01/Oct/2022:07:31:18 -0700] "GET /hot/abstracts/authors/carpenter.html HTTP/1.1" 404 88 "-" "Turnitin (https://bit.ly/2UvnfoQ)" "mauricio.resende.info"
199.47.82.18 - - [01/Oct/2022:07:31:19 -0700] "GET /hot/abstracts/authors/chinchuluun.html HTTP/1.1" 404 88 "-" "Turnitin (https://bit.ly/2UvnfoQ)" "mauricio.resende.info"
199.47.82.18 - - [01/Oct/2022:07:31:19 -0700] "GET /hot/abstracts/authors/clouqueur.html HTTP/1.1" 404 88 "-" "Turnitin (https://bit.ly/2UvnfoQ)" "mauricio.resende.info"
199.47.82.18 - - [01/Oct/2022:07:31:20 -0700] "GET /hot/abstracts/authors/d-skorin-kapov.html HTTP/1.1" 404 88 "-" "Turnitin (https://bit.ly/2UvnfoQ)" "mauricio.resende.info"
199.47.82.18 - - [01/Oct/2022:07:31:20 -0700] "GET /hot/abstracts/authors/dahl.html HTTP/1.1" 404 88 "-" "Turnitin (https://bit.ly/2UvnfoQ)" "mauricio.resende.info"
199.47.82.18 - - [01/Oct/2022:07:31:21 -0700] "GET /hot/abstracts/authors/doucet.html HTTP/1.1" 404 88 "-" "Turnitin (https://bit.ly/2UvnfoQ)" "mauricio.resende.info"
199.47.82.18 - - [01/Oct/2022:07:31:21 -0700] "GET /hot/abstracts/authors/farwell.html HTTP/1.1" 404 88 "-" "Turnitin (https://bit.ly/2UvnfoQ)" "mauricio.resende.info"
199.47.82.18 - - [01/Oct/2022:07:31:22 -0700] "GET /hot/abstracts/authors/festa.html HTTP/1.1" 404 88 "-" "Turnitin (https://bit.ly/2UvnfoQ)" "mauricio.resende.info"
199.47.82.18 - - [01/Oct/2022:07:31:22 -0700] "GET /hot/abstracts/authors/forsgren.html HTTP/1.1" 404 88 "-" "Turnitin (https://bit.ly/2UvnfoQ)" "mauricio.resende.info"
199.47.82.18 - - [01/Oct/2022:07:31:23 -0700] "GET /hot/abstracts/authors/fortz.html HTTP/1.1" 404 88 "-" "Turnitin (https://bit.ly/2UvnfoQ)" "mauricio.resende.info"
199.47.82.18 - - [01/Oct/2022:07:31:23 -0700] "GET /hot/abstracts/authors/gaivoronski.html HTTP/1.1" 404 88 "-" "Turnitin (https://bit.ly/2UvnfoQ)" "mauricio.resende.info"
199.47.82.18 - - [01/Oct/2022:07:31:24 -0700] "GET /hot/abstracts/authors/gouveia.html HTTP/1.1" 404 88 "-" "Turnitin (https://bit.ly/2UvnfoQ)" "mauricio.resende.info"
199.47.82.18 - - [01/Oct/2022:07:31:24 -0700] "GET /hot/abstracts/authors/grover.html HTTP/1.1" 404 88 "-" "Turnitin (https://bit.ly/2UvnfoQ)" "mauricio.resende.info"
199.47.82.18 - - [01/Oct/2022:07:31:25 -0700] "GET /hot/abstracts/authors/hampel.html HTTP/1.1" 404 88 "-" "Turnitin (https://bit.ly/2UvnfoQ)" "mauricio.resende.info"
199.47.82.18 - - [01/Oct/2022:07:31:25 -0700] "GET /hot/abstracts/authors/helgason.html HTTP/1.1" 404 88 "-" "Turnitin (https://bit.ly/2UvnfoQ)" "mauricio.resende.info"
199.47.82.18 - - [01/Oct/2022:07:31:26 -0700] "GET /hot/abstracts/authors/henningsson.html HTTP/1.1" 404 88 "-" "Turnitin (https://bit.ly/2UvnfoQ)" "mauricio.resende.info"
199.47.82.18 - - [01/Oct/2022:07:31:26 -0700] "GET /hot/abstracts/authors/hoesel.html HTTP/1.1" 404 88 "-" "Turnitin (https://bit.ly/2UvnfoQ)" "mauricio.resende.info"
199.47.82.18 - - [01/Oct/2022:07:31:27 -0700] "GET /hot/abstracts/authors/holmberg.html HTTP/1.1" 404 88 "-" "Turnitin (https://bit.ly/2UvnfoQ)" "mauricio.resende.info"
199.47.82.18 - - [01/Oct/2022:07:31:27 -0700] "GET /hot/abstracts/authors/j-skorin-kapov.html HTTP/1.1" 404 88 "-" "Turnitin (https://bit.ly/2UvnfoQ)" "mauricio.resende.info"
199.47.82.18 - - [01/Oct/2022:07:31:28 -0700] "GET /hot/abstracts/authors/jaumard.html HTTP/1.1" 404 88 "-" "Turnitin (https://bit.ly/2UvnfoQ)" "mauricio.resende.info"
199.47.82.18 - - [01/Oct/2022:07:31:28 -0700] "GET /hot/abstracts/authors/kennington.html HTTP/1.1" 404 88 "-" "Turnitin (https://bit.ly/2UvnfoQ)" "mauricio.resende.info"
199.47.82.18 - - [01/Oct/2022:07:31:29 -0700] "GET /hot/abstracts/authors/kingsley.html HTTP/1.1" 404 88 "-" "Turnitin (https://bit.ly/2UvnfoQ)" "mauricio.resende.info"
199.47.82.18 - - [01/Oct/2022:07:31:29 -0700] "GET /hot/abstracts/authors/klincewicz.html HTTP/1.1" 404 88 "-" "Turnitin (https://bit.ly/2UvnfoQ)" "mauricio.resende.info"
199.47.82.18 - - [01/Oct/2022:07:31:30 -0700] "GET /hot/abstracts/authors/kodian.html HTTP/1.1" 404 88 "-" "Turnitin (https://bit.ly/2UvnfoQ)" "mauricio.resende.info"
199.47.82.18 - - [01/Oct/2022:07:31:30 -0700] "GET /hot/abstracts/authors/konak.html HTTP/1.1" 404 88 "-" "Turnitin (https://bit.ly/2UvnfoQ)" "mauricio.resende.info"
199.47.82.18 - - [01/Oct/2022:07:31:31 -0700] "GET /hot/abstracts/authors/kourgiantakis.html HTTP/1.1" 404 88 "-" "Turnitin (https://bit.ly/2UvnfoQ)" "mauricio.resende.info"
199.47.82.18 - - [01/Oct/2022:07:31:31 -0700] "GET /hot/abstracts/authors/labbe.html HTTP/1.1" 404 88 "-" "Turnitin (https://bit.ly/2UvnfoQ)" "mauricio.resende.info"
199.47.82.18 - - [01/Oct/2022:07:31:32 -0700] "GET /hot/abstracts/authors/lee.html HTTP/1.1" 404 88 "-" "Turnitin (https://bit.ly/2UvnfoQ)" "mauricio.resende.info"
199.47.82.18 - - [01/Oct/2022:07:31:32 -0700] "GET /hot/abstracts/authors/leung.html HTTP/1.1" 404 88 "-" "Turnitin (https://bit.ly/2UvnfoQ)" "mauricio.resende.info"
199.47.82.18 - - [01/Oct/2022:07:31:33 -0700] "GET /hot/abstracts/authors/lewis.html HTTP/1.1" 404 88 "-" "Turnitin (https://bit.ly/2UvnfoQ)" "mauricio.resende.info"
199.47.82.18 - - [01/Oct/2022:07:31:33 -0700] "GET /hot/abstracts/authors/lisser.html HTTP/1.1" 404 88 "-" "Turnitin (https://bit.ly/2UvnfoQ)" "mauricio.resende.info"
199.47.82.18 - - [01/Oct/2022:07:31:34 -0700] "GET /hot/abstracts/authors/liu.html HTTP/1.1" 404 88 "-" "Turnitin (https://bit.ly/2UvnfoQ)" "mauricio.resende.info"
199.47.82.18 - - [01/Oct/2022:07:31:34 -0700] "GET /hot/abstracts/authors/lucena.html HTTP/1.1" 404 88 "-" "Turnitin (https://bit.ly/2UvnfoQ)" "mauricio.resende.info"
199.47.82.18 - - [01/Oct/2022:07:31:35 -0700] "GET /hot/abstracts/authors/luna.html HTTP/1.1" 404 88 "-" "Turnitin (https://bit.ly/2UvnfoQ)" "mauricio.resende.info"
199.47.82.18 - - [01/Oct/2022:07:31:35 -0700] "GET /hot/abstracts/authors/luss.html HTTP/1.1" 404 88 "-" "Turnitin (https://bit.ly/2UvnfoQ)" "mauricio.resende.info"
199.47.82.18 - - [01/Oct/2022:07:31:36 -0700] "GET /hot/abstracts/authors/mahey.html HTTP/1.1" 404 88 "-" "Turnitin (https://bit.ly/2UvnfoQ)" "mauricio.resende.info"
199.47.82.18 - - [01/Oct/2022:07:31:36 -0700] "GET /hot/abstracts/authors/malucelli.html HTTP/1.1" 404 88 "-" "Turnitin (https://bit.ly/2UvnfoQ)" "mauricio.resende.info"
199.47.82.18 - - [01/Oct/2022:07:31:37 -0700] "GET /hot/abstracts/authors/mandalianos.html HTTP/1.1" 404 88 "-" "Turnitin (https://bit.ly/2UvnfoQ)" "mauricio.resende.info"
199.47.82.18 - - [01/Oct/2022:07:31:37 -0700] "GET /hot/abstracts/authors/mannino.html HTTP/1.1" 404 88 "-" "Turnitin (https://bit.ly/2UvnfoQ)" "mauricio.resende.info"
199.47.82.18 - - [01/Oct/2022:07:31:38 -0700] "GET /hot/abstracts/authors/martins.html HTTP/1.1" 404 88 "-" "Turnitin (https://bit.ly/2UvnfoQ)" "mauricio.resende.info"
199.47.82.18 - - [01/Oct/2022:07:31:38 -0700] "GET /hot/abstracts/authors/mateus.html HTTP/1.1" 404 88 "-" "Turnitin (https://bit.ly/2UvnfoQ)" "mauricio.resende.info"
199.47.82.18 - - [01/Oct/2022:07:31:39 -0700] "GET /hot/abstracts/authors/medhi.html HTTP/1.1" 404 88 "-" "Turnitin (https://bit.ly/2UvnfoQ)" "mauricio.resende.info"
199.47.82.18 - - [01/Oct/2022:07:31:39 -0700] "GET /hot/abstracts/authors/meyer.html HTTP/1.1" 404 88 "-" "Turnitin (https://bit.ly/2UvnfoQ)" "mauricio.resende.info"
199.47.82.18 - - [01/Oct/2022:07:31:40 -0700] "GET /hot/abstracts/authors/migdalas.html HTTP/1.1" 404 88 "-" "Turnitin (https://bit.ly/2UvnfoQ)" "mauricio.resende.info"
199.47.82.18 - - [01/Oct/2022:07:31:40 -0700] "GET /hot/abstracts/authors/min.html HTTP/1.1" 404 88 "-" "Turnitin (https://bit.ly/2UvnfoQ)" "mauricio.resende.info"
199.47.82.18 - - [01/Oct/2022:07:31:41 -0700] "GET /hot/abstracts/authors/minoux.html HTTP/1.1" 404 88 "-" "Turnitin (https://bit.ly/2UvnfoQ)" "mauricio.resende.info"
199.47.82.18 - - [01/Oct/2022:07:31:41 -0700] "GET /hot/abstracts/authors/mitchell.html HTTP/1.1" 404 88 "-" "Turnitin (https://bit.ly/2UvnfoQ)" "mauricio.resende.info"
199.47.82.18 - - [01/Oct/2022:07:31:42 -0700] "GET /hot/abstracts/authors/muller.html HTTP/1.1" 404 88 "-" "Turnitin (https://bit.ly/2UvnfoQ)" "mauricio.resende.info"
199.47.82.18 - - [01/Oct/2022:07:31:42 -0700] "GET /hot/abstracts/authors/nagurney.html HTTP/1.1" 404 88 "-" "Turnitin (https://bit.ly/2UvnfoQ)" "mauricio.resende.info"
199.47.82.18 - - [01/Oct/2022:07:31:43 -0700] "GET /hot/abstracts/authors/nain.html HTTP/1.1" 404 88 "-" "Turnitin (https://bit.ly/2UvnfoQ)" "mauricio.resende.info"
199.47.82.18 - - [01/Oct/2022:07:31:43 -0700] "GET /hot/abstracts/authors/oliveira.html HTTP/1.1" 404 88 "-" "Turnitin (https://bit.ly/2UvnfoQ)" "mauricio.resende.info"
199.47.82.18 - - [01/Oct/2022:07:31:44 -0700] "GET /hot/abstracts/authors/pardalos.html HTTP/1.1" 404 88 "-" "Turnitin (https://bit.ly/2UvnfoQ)" "mauricio.resende.info"
199.47.82.18 - - [01/Oct/2022:07:31:44 -0700] "GET /hot/abstracts/authors/patrocinio.html HTTP/1.1" 404 88 "-" "Turnitin (https://bit.ly/2UvnfoQ)" "mauricio.resende.info"
199.47.82.18 - - [01/Oct/2022:07:31:45 -0700] "GET /hot/abstracts/authors/patterson.html HTTP/1.1" 404 88 "-" "Turnitin (https://bit.ly/2UvnfoQ)" "mauricio.resende.info"
199.47.82.18 - - [01/Oct/2022:07:31:45 -0700] "GET /hot/abstracts/authors/prytz.html HTTP/1.1" 404 88 "-" "Turnitin (https://bit.ly/2UvnfoQ)" "mauricio.resende.info"
199.47.82.18 - - [01/Oct/2022:07:31:46 -0700] "GET /hot/abstracts/authors/ramsden.html HTTP/1.1" 404 88 "-" "Turnitin (https://bit.ly/2UvnfoQ)" "mauricio.resende.info"
199.47.82.18 - - [01/Oct/2022:07:31:46 -0700] "GET /hot/abstracts/authors/requejo.html HTTP/1.1" 404 88 "-" "Turnitin (https://bit.ly/2UvnfoQ)" "mauricio.resende.info"
199.47.82.18 - - [01/Oct/2022:07:31:47 -0700] "GET /hot/abstracts/authors/resende.html HTTP/1.1" 404 88 "-" "Turnitin (https://bit.ly/2UvnfoQ)" "mauricio.resende.info"
199.47.82.18 - - [01/Oct/2022:07:31:47 -0700] "GET /hot/abstracts/authors/rexford.html HTTP/1.1" 404 88 "-" "Turnitin (https://bit.ly/2UvnfoQ)" "mauricio.resende.info"
199.47.82.18 - - [01/Oct/2022:07:31:48 -0700] "GET /hot/abstracts/authors/ribeiro.html HTTP/1.1" 404 88 "-" "Turnitin (https://bit.ly/2UvnfoQ)" "mauricio.resende.info"
199.47.82.18 - - [01/Oct/2022:07:31:48 -0700] "GET /hot/abstracts/authors/saniee.html HTTP/1.1" 404 88 "-" "Turnitin (https://bit.ly/2UvnfoQ)" "mauricio.resende.info"
199.47.82.18 - - [01/Oct/2022:07:31:49 -0700] "GET /hot/abstracts/authors/shen.html HTTP/1.1" 404 88 "-" "Turnitin (https://bit.ly/2UvnfoQ)" "mauricio.resende.info"
199.47.82.18 - - [01/Oct/2022:07:31:49 -0700] "GET /hot/abstracts/authors/smith.html HTTP/1.1" 404 88 "-" "Turnitin (https://bit.ly/2UvnfoQ)" "mauricio.resende.info"
199.47.82.18 - - [01/Oct/2022:07:31:50 -0700] "GET /hot/abstracts/authors/thiongane.html HTTP/1.1" 404 88 "-" "Turnitin (https://bit.ly/2UvnfoQ)" "mauricio.resende.info"
199.47.82.18 - - [01/Oct/2022:07:31:50 -0700] "GET /hot/abstracts/authors/voss.html HTTP/1.1" 404 88 "-" "Turnitin (https://bit.ly/2UvnfoQ)" "mauricio.resende.info"
199.47.82.18 - - [01/Oct/2022:07:31:51 -0700] "GET /hot/abstracts/authors/wang.html HTTP/1.1" 404 88 "-" "Turnitin (https://bit.ly/2UvnfoQ)" "mauricio.resende.info"
