20.117.165.242 - - [10/Oct/2022:17:00:33 -0700] "GET /wp-admin/css/ HTTP/1.1" 404 88 "binance.com" "Mozilla/5.0 (Windows NT 10.0; Win64; x64) AppleWebKit/537.36 (KHTML, like Gecko) Chrome/90.0.4430.85 Safari/537.36" "resende.info"
20.117.165.242 - - [10/Oct/2022:17:00:40 -0700] "GET /sites/default/files/ HTTP/1.1" 404 88 "binance.com" "Mozilla/5.0 (Windows NT 10.0; Win64; x64) AppleWebKit/537.36 (KHTML, like Gecko) Chrome/90.0.4430.85 Safari/537.36" "resende.info"
20.117.165.242 - - [10/Oct/2022:17:00:43 -0700] "GET /admin/controller/extension/extension/ HTTP/1.1" 404 88 "binance.com" "Mozilla/5.0 (Windows NT 10.0; Win64; x64) AppleWebKit/537.36 (KHTML, like Gecko) Chrome/90.0.4430.85 Safari/537.36" "resende.info"
20.117.165.242 - - [10/Oct/2022:17:00:47 -0700] "GET /uploads/ HTTP/1.1" 404 88 "binance.com" "Mozilla/5.0 (Windows NT 10.0; Win64; x64) AppleWebKit/537.36 (KHTML, like Gecko) Chrome/90.0.4430.85 Safari/537.36" "resende.info"
20.117.165.242 - - [10/Oct/2022:17:00:51 -0700] "GET /images/ HTTP/1.1" 200 311 "binance.com" "Mozilla/5.0 (Windows NT 10.0; Win64; x64) AppleWebKit/537.36 (KHTML, like Gecko) Chrome/90.0.4430.85 Safari/537.36" "resende.info"
20.117.165.242 - - [10/Oct/2022:17:00:55 -0700] "GET /files/ HTTP/1.1" 200 311 "binance.com" "Mozilla/5.0 (Windows NT 10.0; Win64; x64) AppleWebKit/537.36 (KHTML, like Gecko) Chrome/90.0.4430.85 Safari/537.36" "resende.info"
66.249.79.95 - - [10/Oct/2022:17:03:02 -0700] "GET /anonovo2010/photos/web-resolution/2009-alec/IMG_8090.JPG HTTP/1.1" 200 79038 "-" "Googlebot-Image/1.0" "mauricio.resende.info"
34.71.63.205 - - [10/Oct/2022:17:03:03 -0700] "GET /newyears2007/mauricio-luciana-ismp2006.JPG HTTP/1.1" 200 37915 "-" "Mozilla/5.0 (X11; Ubuntu; Linux x86_64; rv:72.0) Gecko/20100101 Firefox/72.0" "mauricio.resende.info"
34.71.63.205 - - [10/Oct/2022:17:03:39 -0700] "GET /newyears2004/lucia-at-home-web.jpg HTTP/1.1" 200 110674 "-" "Mozilla/5.0 (X11; Ubuntu; Linux x86_64; rv:72.0) Gecko/20100101 Firefox/72.0" "mauricio.resende.info"
34.71.63.205 - - [10/Oct/2022:17:07:14 -0700] "GET /newyears2007/new-bathroom.jpg HTTP/1.1" 200 36356 "-" "Mozilla/5.0 (X11; Ubuntu; Linux x86_64; rv:72.0) Gecko/20100101 Firefox/72.0" "mauricio.resende.info"
157.55.39.103 - - [10/Oct/2022:17:07:53 -0700] "GET /anonovo2013/vacations/lo-res/2012-09-02-itaipava-group.jpg HTTP/1.1" 200 71339 "-" "Mozilla/5.0 (compatible; bingbot/2.0; +http://www.bing.com/bingbot.htm)" "mauricio.resende.info"
114.119.148.187 - - [10/Oct/2022:17:12:29 -0700] "GET /robots.txt HTTP/1.1" 404 88 "-" "Mozilla/5.0 (compatible;PetalBot;+https://webmaster.petalsearch.com/site/petalbot)" "renalva.resende.info"
40.77.167.10 - - [10/Oct/2022:17:13:07 -0700] "GET / HTTP/1.1" 200 1024 "-" "Mozilla/5.0 (compatible; bingbot/2.0; +http://www.bing.com/bingbot.htm)" "mauricio.resende.info"
93.158.161.55 - - [10/Oct/2022:17:14:13 -0700] "GET /robots.txt HTTP/1.1" 404 73 "-" "Mozilla/5.0 (compatible; YandexBot/3.0; +http://yandex.com/bots)" "resende.info"
77.88.5.162 - - [10/Oct/2022:17:14:16 -0700] "GET /mauricio/doc/memetic-ospf-routing.pdf HTTP/1.1" 200 233886 "-" "Mozilla/5.0 (compatible; YandexBot/3.0; +http://yandex.com/bots)" "resende.info"
150.161.2.202 - - [10/Oct/2022:17:15:59 -0700] "GET / HTTP/1.1" 200 1024 "https://www.google.com/" "Mozilla/5.0 (Windows NT 10.0; Win64; x64) AppleWebKit/537.36 (KHTML, like Gecko) Chrome/106.0.0.0 Safari/537.36" "mauricio.resende.info"
150.161.2.202 - - [10/Oct/2022:17:15:59 -0700] "GET /SpryAssets/SpryMenuBar.js HTTP/1.1" 200 6300 "http://mauricio.resende.info/" "Mozilla/5.0 (Windows NT 10.0; Win64; x64) AppleWebKit/537.36 (KHTML, like Gecko) Chrome/106.0.0.0 Safari/537.36" "mauricio.resende.info"
150.161.2.202 - - [10/Oct/2022:17:15:59 -0700] "GET /SpryAssets/SpryMenuBarHorizontal.css HTTP/1.1" 200 1525 "http://mauricio.resende.info/" "Mozilla/5.0 (Windows NT 10.0; Win64; x64) AppleWebKit/537.36 (KHTML, like Gecko) Chrome/106.0.0.0 Safari/537.36" "mauricio.resende.info"
150.161.2.202 - - [10/Oct/2022:17:15:59 -0700] "GET /mgcr.jpg HTTP/1.1" 200 52391 "http://mauricio.resende.info/" "Mozilla/5.0 (Windows NT 10.0; Win64; x64) AppleWebKit/537.36 (KHTML, like Gecko) Chrome/106.0.0.0 Safari/537.36" "mauricio.resende.info"
150.161.2.202 - - [10/Oct/2022:17:16:00 -0700] "GET /SpryAssets/SpryMenuBarRightHover.gif HTTP/1.1" 200 55 "http://mauricio.resende.info/" "Mozilla/5.0 (Windows NT 10.0; Win64; x64) AppleWebKit/537.36 (KHTML, like Gecko) Chrome/106.0.0.0 Safari/537.36" "mauricio.resende.info"
150.161.2.202 - - [10/Oct/2022:17:16:00 -0700] "GET /SpryAssets/SpryMenuBarDownHover.gif HTTP/1.1" 200 55 "http://mauricio.resende.info/" "Mozilla/5.0 (Windows NT 10.0; Win64; x64) AppleWebKit/537.36 (KHTML, like Gecko) Chrome/106.0.0.0 Safari/537.36" "mauricio.resende.info"
150.161.2.202 - - [10/Oct/2022:17:16:00 -0700] "GET /SpryAssets/SpryMenuBarDown.gif HTTP/1.1" 200 55 "http://mauricio.resende.info/SpryAssets/SpryMenuBarHorizontal.css" "Mozilla/5.0 (Windows NT 10.0; Win64; x64) AppleWebKit/537.36 (KHTML, like Gecko) Chrome/106.0.0.0 Safari/537.36" "mauricio.resende.info"
150.161.2.202 - - [10/Oct/2022:17:16:00 -0700] "GET /SpryAssets/SpryMenuBarRight.gif HTTP/1.1" 200 55 "http://mauricio.resende.info/SpryAssets/SpryMenuBarHorizontal.css" "Mozilla/5.0 (Windows NT 10.0; Win64; x64) AppleWebKit/537.36 (KHTML, like Gecko) Chrome/106.0.0.0 Safari/537.36" "mauricio.resende.info"
150.161.2.202 - - [10/Oct/2022:17:16:00 -0700] "GET /mgcr-100x100.ico HTTP/1.1" 200 757 "http://mauricio.resende.info/" "Mozilla/5.0 (Windows NT 10.0; Win64; x64) AppleWebKit/537.36 (KHTML, like Gecko) Chrome/106.0.0.0 Safari/537.36" "mauricio.resende.info"
150.161.2.202 - - [10/Oct/2022:17:16:20 -0700] "GET /cv.html HTTP/1.1" 200 1235 "http://mauricio.resende.info/" "Mozilla/5.0 (Windows NT 10.0; Win64; x64) AppleWebKit/537.36 (KHTML, like Gecko) Chrome/106.0.0.0 Safari/537.36" "mauricio.resende.info"
150.161.2.202 - - [10/Oct/2022:17:16:21 -0700] "GET /favicon.ico HTTP/1.1" 404 88 "http://mauricio.resende.info/cv.html" "Mozilla/5.0 (Windows NT 10.0; Win64; x64) AppleWebKit/537.36 (KHTML, like Gecko) Chrome/106.0.0.0 Safari/537.36" "mauricio.resende.info"
150.161.2.202 - - [10/Oct/2022:17:16:27 -0700] "GET /doc/mauricio-resende-CV.pdf HTTP/1.1" 200 337992 "http://mauricio.resende.info/cv.html" "Mozilla/5.0 (Windows NT 10.0; Win64; x64) AppleWebKit/537.36 (KHTML, like Gecko) Chrome/106.0.0.0 Safari/537.36" "mauricio.resende.info"
150.161.2.202 - - [10/Oct/2022:17:16:28 -0700] "GET /doc/mauricio-resende-CV.pdf HTTP/1.1" 200 337992 "-" "Mozilla/5.0 (Windows NT 10.0; Win64; x64) AppleWebKit/537.36 (KHTML, like Gecko) Chrome/106.0.0.0 Safari/537.36" "mauricio.resende.info"
150.161.2.202 - - [10/Oct/2022:17:16:28 -0700] "GET /doc/mauricio-resende-CV.pdf HTTP/1.1" 206 1025 "-" "Mozilla/5.0 (Windows NT 10.0; Win64; x64) AppleWebKit/537.36 (KHTML, like Gecko) Chrome/106.0.0.0 Safari/537.36" "mauricio.resende.info"
34.71.63.205 - - [10/Oct/2022:17:17:21 -0700] "GET /newyears2007/prom-couples.jpg HTTP/1.1" 200 59007 "-" "Mozilla/5.0 (X11; Ubuntu; Linux x86_64; rv:72.0) Gecko/20100101 Firefox/72.0" "mauricio.resende.info"
23.100.232.233 - - [10/Oct/2022:17:23:52 -0700] "GET /newyears2012/ HTTP/1.1" 200 23350 "-" "Mozilla/5.0 (compatible; MSIE 9.0; Windows NT 6.1; Trident/5.0;  Trident/5.0)" "mauricio.resende.info"
157.55.39.103 - - [10/Oct/2022:17:23:54 -0700] "GET /newyears2014/lo-res/alec/2013-05-19-alec-graduation.JPG HTTP/1.1" 200 103422 "-" "Mozilla/5.0 AppleWebKit/537.36 (KHTML, like Gecko; compatible; bingbot/2.0; +http://www.bing.com/bingbot.htm) Chrome/103.0.5060.134 Safari/537.36" "mauricio.resende.info"
150.161.2.202 - - [10/Oct/2022:17:29:23 -0700] "GET /bio/index.html HTTP/1.1" 200 6691 "http://mauricio.resende.info/" "Mozilla/5.0 (Windows NT 10.0; Win64; x64) AppleWebKit/537.36 (KHTML, like Gecko) Chrome/106.0.0.0 Safari/537.36" "mauricio.resende.info"
150.161.2.202 - - [10/Oct/2022:17:29:23 -0700] "GET /bio/renalva-roberto-noivos-1954.jpg HTTP/1.1" 200 90258 "http://mauricio.resende.info/bio/index.html" "Mozilla/5.0 (Windows NT 10.0; Win64; x64) AppleWebKit/537.36 (KHTML, like Gecko) Chrome/106.0.0.0 Safari/537.36" "mauricio.resende.info"
150.161.2.202 - - [10/Oct/2022:17:29:23 -0700] "GET /bio/renalva-roberto-1993.jpg HTTP/1.1" 200 163926 "http://mauricio.resende.info/bio/index.html" "Mozilla/5.0 (Windows NT 10.0; Win64; x64) AppleWebKit/537.36 (KHTML, like Gecko) Chrome/106.0.0.0 Safari/537.36" "mauricio.resende.info"
150.161.2.202 - - [10/Oct/2022:17:29:24 -0700] "GET /bio/rio.jpg HTTP/1.1" 200 101787 "http://mauricio.resende.info/bio/index.html" "Mozilla/5.0 (Windows NT 10.0; Win64; x64) AppleWebKit/537.36 (KHTML, like Gecko) Chrome/106.0.0.0 Safari/537.36" "mauricio.resende.info"
150.161.2.202 - - [10/Oct/2022:17:29:24 -0700] "GET /bio/maceio.jpg HTTP/1.1" 200 261621 "http://mauricio.resende.info/bio/index.html" "Mozilla/5.0 (Windows NT 10.0; Win64; x64) AppleWebKit/537.36 (KHTML, like Gecko) Chrome/106.0.0.0 Safari/537.36" "mauricio.resende.info"
150.161.2.202 - - [10/Oct/2022:17:29:24 -0700] "GET /bio/mgcr-w-mom-1955-poster-web.jpg HTTP/1.1" 200 27117 "http://mauricio.resende.info/bio/index.html" "Mozilla/5.0 (Windows NT 10.0; Win64; x64) AppleWebKit/537.36 (KHTML, like Gecko) Chrome/106.0.0.0 Safari/537.36" "mauricio.resende.info"
150.161.2.202 - - [10/Oct/2022:17:29:24 -0700] "GET /bio/1958-09-mgcr-mommy-km47-web.jpg HTTP/1.1" 200 86354 "http://mauricio.resende.info/bio/index.html" "Mozilla/5.0 (Windows NT 10.0; Win64; x64) AppleWebKit/537.36 (KHTML, like Gecko) Chrome/106.0.0.0 Safari/537.36" "mauricio.resende.info"
150.161.2.202 - - [10/Oct/2022:17:29:24 -0700] "GET /bio/mgcr-1950s-web.jpg HTTP/1.1" 200 119971 "http://mauricio.resende.info/bio/index.html" "Mozilla/5.0 (Windows NT 10.0; Win64; x64) AppleWebKit/537.36 (KHTML, like Gecko) Chrome/106.0.0.0 Safari/537.36" "mauricio.resende.info"
150.161.2.202 - - [10/Oct/2022:17:29:24 -0700] "GET /bio/ufrjr-2002.JPG HTTP/1.1" 200 113508 "http://mauricio.resende.info/bio/index.html" "Mozilla/5.0 (Windows NT 10.0; Win64; x64) AppleWebKit/537.36 (KHTML, like Gecko) Chrome/106.0.0.0 Safari/537.36" "mauricio.resende.info"
150.161.2.202 - - [10/Oct/2022:17:29:24 -0700] "GET /bio/rcr-1977.jpg HTTP/1.1" 200 102228 "http://mauricio.resende.info/bio/index.html" "Mozilla/5.0 (Windows NT 10.0; Win64; x64) AppleWebKit/537.36 (KHTML, like Gecko) Chrome/106.0.0.0 Safari/537.36" "mauricio.resende.info"
150.161.2.202 - - [10/Oct/2022:17:29:24 -0700] "GET /bio/marcio-nec-grad-web.jpg HTTP/1.1" 200 139343 "http://mauricio.resende.info/bio/index.html" "Mozilla/5.0 (Windows NT 10.0; Win64; x64) AppleWebKit/537.36 (KHTML, like Gecko) Chrome/106.0.0.0 Safari/537.36" "mauricio.resende.info"
150.161.2.202 - - [10/Oct/2022:17:29:24 -0700] "GET /bio/1963-familia-fallout-sheltor.jpg HTTP/1.1" 200 103911 "http://mauricio.resende.info/bio/index.html" "Mozilla/5.0 (Windows NT 10.0; Win64; x64) AppleWebKit/537.36 (KHTML, like Gecko) Chrome/106.0.0.0 Safari/537.36" "mauricio.resende.info"
150.161.2.202 - - [10/Oct/2022:17:29:25 -0700] "GET /bio/1965-brothers-watch-TV.jpg HTTP/1.1" 200 84034 "http://mauricio.resende.info/bio/index.html" "Mozilla/5.0 (Windows NT 10.0; Win64; x64) AppleWebKit/537.36 (KHTML, like Gecko) Chrome/106.0.0.0 Safari/537.36" "mauricio.resende.info"
150.161.2.202 - - [10/Oct/2022:17:29:25 -0700] "GET /bio/1966-class-of-66-web.jpg HTTP/1.1" 200 136044 "http://mauricio.resende.info/bio/index.html" "Mozilla/5.0 (Windows NT 10.0; Win64; x64) AppleWebKit/537.36 (KHTML, like Gecko) Chrome/106.0.0.0 Safari/537.36" "mauricio.resende.info"
150.161.2.202 - - [10/Oct/2022:17:29:25 -0700] "GET /bio/1973-01-mgcr-padovani-ponte-rialto-bw.jpg HTTP/1.1" 200 95741 "http://mauricio.resende.info/bio/index.html" "Mozilla/5.0 (Windows NT 10.0; Win64; x64) AppleWebKit/537.36 (KHTML, like Gecko) Chrome/106.0.0.0 Safari/537.36" "mauricio.resende.info"
150.161.2.202 - - [10/Oct/2022:17:29:25 -0700] "GET /bio/1966-mauricio-dressed-to-play-web.jpg HTTP/1.1" 200 95353 "http://mauricio.resende.info/bio/index.html" "Mozilla/5.0 (Windows NT 10.0; Win64; x64) AppleWebKit/537.36 (KHTML, like Gecko) Chrome/106.0.0.0 Safari/537.36" "mauricio.resende.info"
150.161.2.202 - - [10/Oct/2022:17:29:25 -0700] "GET /bio/aerial-foto-earj.jpg HTTP/1.1" 200 76069 "http://mauricio.resende.info/bio/index.html" "Mozilla/5.0 (Windows NT 10.0; Win64; x64) AppleWebKit/537.36 (KHTML, like Gecko) Chrome/106.0.0.0 Safari/537.36" "mauricio.resende.info"
150.161.2.202 - - [10/Oct/2022:17:29:25 -0700] "GET /bio/torcida-botafogo.jpg HTTP/1.1" 200 115687 "http://mauricio.resende.info/bio/index.html" "Mozilla/5.0 (Windows NT 10.0; Win64; x64) AppleWebKit/537.36 (KHTML, like Gecko) Chrome/106.0.0.0 Safari/537.36" "mauricio.resende.info"
150.161.2.202 - - [10/Oct/2022:17:29:25 -0700] "GET /bio/mgcr-ami-padovani-1972.jpg HTTP/1.1" 200 137311 "http://mauricio.resende.info/bio/index.html" "Mozilla/5.0 (Windows NT 10.0; Win64; x64) AppleWebKit/537.36 (KHTML, like Gecko) Chrome/106.0.0.0 Safari/537.36" "mauricio.resende.info"
150.161.2.202 - - [10/Oct/2022:17:29:25 -0700] "GET /bio/mgcr-ea-hs-grad.jpg HTTP/1.1" 200 194416 "http://mauricio.resende.info/bio/index.html" "Mozilla/5.0 (Windows NT 10.0; Win64; x64) AppleWebKit/537.36 (KHTML, like Gecko) Chrome/106.0.0.0 Safari/537.36" "mauricio.resende.info"
150.161.2.202 - - [10/Oct/2022:17:29:25 -0700] "GET /bio/mgcr-silvia-george-argentine-lakes-nik.jpg HTTP/1.1" 200 174130 "http://mauricio.resende.info/bio/index.html" "Mozilla/5.0 (Windows NT 10.0; Win64; x64) AppleWebKit/537.36 (KHTML, like Gecko) Chrome/106.0.0.0 Safari/537.36" "mauricio.resende.info"
150.161.2.202 - - [10/Oct/2022:17:29:25 -0700] "GET /bio/mgcr-osorno-treetrunk.jpg HTTP/1.1" 200 114931 "http://mauricio.resende.info/bio/index.html" "Mozilla/5.0 (Windows NT 10.0; Win64; x64) AppleWebKit/537.36 (KHTML, like Gecko) Chrome/106.0.0.0 Safari/537.36" "mauricio.resende.info"
150.161.2.202 - - [10/Oct/2022:17:29:25 -0700] "GET /bio/mgcr-silvia-deserto.jpg HTTP/1.1" 200 224306 "http://mauricio.resende.info/bio/index.html" "Mozilla/5.0 (Windows NT 10.0; Win64; x64) AppleWebKit/537.36 (KHTML, like Gecko) Chrome/106.0.0.0 Safari/537.36" "mauricio.resende.info"
150.161.2.202 - - [10/Oct/2022:17:29:26 -0700] "GET /bio/mgcr-silvia-horses.jpg HTTP/1.1" 200 100863 "http://mauricio.resende.info/bio/index.html" "Mozilla/5.0 (Windows NT 10.0; Win64; x64) AppleWebKit/537.36 (KHTML, like Gecko) Chrome/106.0.0.0 Safari/537.36" "mauricio.resende.info"
150.161.2.202 - - [10/Oct/2022:17:29:26 -0700] "GET /bio/mgcr-lucia-restaurante-mexicano-1978.jpg HTTP/1.1" 200 186122 "http://mauricio.resende.info/bio/index.html" "Mozilla/5.0 (Windows NT 10.0; Win64; x64) AppleWebKit/537.36 (KHTML, like Gecko) Chrome/106.0.0.0 Safari/537.36" "mauricio.resende.info"
150.161.2.202 - - [10/Oct/2022:17:29:26 -0700] "GET /bio/pilotis-puc-1978.jpg HTTP/1.1" 200 109853 "http://mauricio.resende.info/bio/index.html" "Mozilla/5.0 (Windows NT 10.0; Win64; x64) AppleWebKit/537.36 (KHTML, like Gecko) Chrome/106.0.0.0 Safari/537.36" "mauricio.resende.info"
150.161.2.202 - - [10/Oct/2022:17:29:26 -0700] "GET /bio/1978-07-mgcr-graduation-puc-rio.jpg HTTP/1.1" 200 107404 "http://mauricio.resende.info/bio/index.html" "Mozilla/5.0 (Windows NT 10.0; Win64; x64) AppleWebKit/537.36 (KHTML, like Gecko) Chrome/106.0.0.0 Safari/537.36" "mauricio.resende.info"
150.161.2.202 - - [10/Oct/2022:17:29:26 -0700] "GET /bio/mauricio-lucia-miguel-pereira.jpg HTTP/1.1" 200 74706 "http://mauricio.resende.info/bio/index.html" "Mozilla/5.0 (Windows NT 10.0; Win64; x64) AppleWebKit/537.36 (KHTML, like Gecko) Chrome/106.0.0.0 Safari/537.36" "mauricio.resende.info"
150.161.2.202 - - [10/Oct/2022:17:29:26 -0700] "GET /bio/mgcr-first-time-online.jpg HTTP/1.1" 200 124600 "http://mauricio.resende.info/bio/index.html" "Mozilla/5.0 (Windows NT 10.0; Win64; x64) AppleWebKit/537.36 (KHTML, like Gecko) Chrome/106.0.0.0 Safari/537.36" "mauricio.resende.info"
150.161.2.202 - - [10/Oct/2022:17:29:26 -0700] "GET /bio/mgcr-school-isye.jpg HTTP/1.1" 200 60861 "http://mauricio.resende.info/bio/index.html" "Mozilla/5.0 (Windows NT 10.0; Win64; x64) AppleWebKit/537.36 (KHTML, like Gecko) Chrome/106.0.0.0 Safari/537.36" "mauricio.resende.info"
150.161.2.202 - - [10/Oct/2022:17:29:26 -0700] "GET /bio/mgcr-robson-california.jpg HTTP/1.1" 404 88 "http://mauricio.resende.info/bio/index.html" "Mozilla/5.0 (Windows NT 10.0; Win64; x64) AppleWebKit/537.36 (KHTML, like Gecko) Chrome/106.0.0.0 Safari/537.36" "mauricio.resende.info"
150.161.2.202 - - [10/Oct/2022:17:29:26 -0700] "GET /bio/mauricio-muir-woods.jpg HTTP/1.1" 404 88 "http://mauricio.resende.info/bio/index.html" "Mozilla/5.0 (Windows NT 10.0; Win64; x64) AppleWebKit/537.36 (KHTML, like Gecko) Chrome/106.0.0.0 Safari/537.36" "mauricio.resende.info"
150.161.2.202 - - [10/Oct/2022:17:29:26 -0700] "GET /bio/1980-mgcr@arraial.jpg HTTP/1.1" 404 88 "http://mauricio.resende.info/bio/index.html" "Mozilla/5.0 (Windows NT 10.0; Win64; x64) AppleWebKit/537.36 (KHTML, like Gecko) Chrome/106.0.0.0 Safari/537.36" "mauricio.resende.info"
150.161.2.202 - - [10/Oct/2022:17:29:26 -0700] "GET /bio/jayme-mgcr.jpg HTTP/1.1" 404 88 "http://mauricio.resende.info/bio/index.html" "Mozilla/5.0 (Windows NT 10.0; Win64; x64) AppleWebKit/537.36 (KHTML, like Gecko) Chrome/106.0.0.0 Safari/537.36" "mauricio.resende.info"
150.161.2.202 - - [10/Oct/2022:17:29:26 -0700] "GET /bio/mgcr-corrida-ponte.jpg HTTP/1.1" 404 88 "http://mauricio.resende.info/bio/index.html" "Mozilla/5.0 (Windows NT 10.0; Win64; x64) AppleWebKit/537.36 (KHTML, like Gecko) Chrome/106.0.0.0 Safari/537.36" "mauricio.resende.info"
150.161.2.202 - - [10/Oct/2022:17:29:26 -0700] "GET /bio/wedding.jpg HTTP/1.1" 404 88 "http://mauricio.resende.info/bio/index.html" "Mozilla/5.0 (Windows NT 10.0; Win64; x64) AppleWebKit/537.36 (KHTML, like Gecko) Chrome/106.0.0.0 Safari/537.36" "mauricio.resende.info"
150.161.2.202 - - [10/Oct/2022:17:29:27 -0700] "GET /bio/lucia-saint-bernard.jpg HTTP/1.1" 404 88 "http://mauricio.resende.info/bio/index.html" "Mozilla/5.0 (Windows NT 10.0; Win64; x64) AppleWebKit/537.36 (KHTML, like Gecko) Chrome/106.0.0.0 Safari/537.36" "mauricio.resende.info"
150.161.2.202 - - [10/Oct/2022:17:29:27 -0700] "GET /bio/noivos.jpg HTTP/1.1" 404 88 "http://mauricio.resende.info/bio/index.html" "Mozilla/5.0 (Windows NT 10.0; Win64; x64) AppleWebKit/537.36 (KHTML, like Gecko) Chrome/106.0.0.0 Safari/537.36" "mauricio.resende.info"
150.161.2.202 - - [10/Oct/2022:17:29:45 -0700] "GET / HTTP/1.1" 200 1044 "http://mauricio.resende.info/" "Mozilla/5.0 (Windows NT 10.0; Win64; x64) AppleWebKit/537.36 (KHTML, like Gecko) Chrome/106.0.0.0 Safari/537.36" "memorial-roberto.resende.info"
150.161.2.202 - - [10/Oct/2022:17:29:45 -0700] "GET /ny-marathon-web.jpg HTTP/1.1" 200 119921 "http://memorial-roberto.resende.info/" "Mozilla/5.0 (Windows NT 10.0; Win64; x64) AppleWebKit/537.36 (KHTML, like Gecko) Chrome/106.0.0.0 Safari/537.36" "memorial-roberto.resende.info"
150.161.2.202 - - [10/Oct/2022:17:29:46 -0700] "GET /favicon.ico HTTP/1.1" 404 88 "http://memorial-roberto.resende.info/" "Mozilla/5.0 (Windows NT 10.0; Win64; x64) AppleWebKit/537.36 (KHTML, like Gecko) Chrome/106.0.0.0 Safari/537.36" "memorial-roberto.resende.info"
150.161.2.202 - - [10/Oct/2022:17:30:07 -0700] "GET /rr_photos.html HTTP/1.1" 200 1051 "http://memorial-roberto.resende.info/" "Mozilla/5.0 (Windows NT 10.0; Win64; x64) AppleWebKit/537.36 (KHTML, like Gecko) Chrome/106.0.0.0 Safari/537.36" "memorial-roberto.resende.info"
150.161.2.202 - - [10/Oct/2022:17:30:07 -0700] "GET /dad-1950s-web.jpg HTTP/1.1" 200 128068 "http://memorial-roberto.resende.info/rr_photos.html" "Mozilla/5.0 (Windows NT 10.0; Win64; x64) AppleWebKit/537.36 (KHTML, like Gecko) Chrome/106.0.0.0 Safari/537.36" "memorial-roberto.resende.info"
150.161.2.202 - - [10/Oct/2022:17:30:07 -0700] "GET /dad-1953-web.jpg HTTP/1.1" 200 117297 "http://memorial-roberto.resende.info/rr_photos.html" "Mozilla/5.0 (Windows NT 10.0; Win64; x64) AppleWebKit/537.36 (KHTML, like Gecko) Chrome/106.0.0.0 Safari/537.36" "memorial-roberto.resende.info"
150.161.2.202 - - [10/Oct/2022:17:30:08 -0700] "GET /dad-scientist-1951-web.jpg HTTP/1.1" 200 140445 "http://memorial-roberto.resende.info/rr_photos.html" "Mozilla/5.0 (Windows NT 10.0; Win64; x64) AppleWebKit/537.36 (KHTML, like Gecko) Chrome/106.0.0.0 Safari/537.36" "memorial-roberto.resende.info"
150.161.2.202 - - [10/Oct/2022:17:30:08 -0700] "GET /dad-in-BA-web.jpg HTTP/1.1" 200 114010 "http://memorial-roberto.resende.info/rr_photos.html" "Mozilla/5.0 (Windows NT 10.0; Win64; x64) AppleWebKit/537.36 (KHTML, like Gecko) Chrome/106.0.0.0 Safari/537.36" "memorial-roberto.resende.info"
150.161.2.202 - - [10/Oct/2022:17:30:08 -0700] "GET /un-1976-web.jpg HTTP/1.1" 200 109542 "http://memorial-roberto.resende.info/rr_photos.html" "Mozilla/5.0 (Windows NT 10.0; Win64; x64) AppleWebKit/537.36 (KHTML, like Gecko) Chrome/106.0.0.0 Safari/537.36" "memorial-roberto.resende.info"
150.161.2.202 - - [10/Oct/2022:17:30:08 -0700] "GET /dad-with-family-1985-web.jpg HTTP/1.1" 200 100203 "http://memorial-roberto.resende.info/rr_photos.html" "Mozilla/5.0 (Windows NT 10.0; Win64; x64) AppleWebKit/537.36 (KHTML, like Gecko) Chrome/106.0.0.0 Safari/537.36" "memorial-roberto.resende.info"
150.161.2.202 - - [10/Oct/2022:17:30:08 -0700] "GET /ny-marathon-end-web.jpg HTTP/1.1" 200 132600 "http://memorial-roberto.resende.info/rr_photos.html" "Mozilla/5.0 (Windows NT 10.0; Win64; x64) AppleWebKit/537.36 (KHTML, like Gecko) Chrome/106.0.0.0 Safari/537.36" "memorial-roberto.resende.info"
150.161.2.202 - - [10/Oct/2022:17:30:08 -0700] "GET /dad-roberto-web.jpg HTTP/1.1" 200 130022 "http://memorial-roberto.resende.info/rr_photos.html" "Mozilla/5.0 (Windows NT 10.0; Win64; x64) AppleWebKit/537.36 (KHTML, like Gecko) Chrome/106.0.0.0 Safari/537.36" "memorial-roberto.resende.info"
150.161.2.202 - - [10/Oct/2022:17:30:08 -0700] "GET /roberto-1991-web.jpg HTTP/1.1" 200 155050 "http://memorial-roberto.resende.info/rr_photos.html" "Mozilla/5.0 (Windows NT 10.0; Win64; x64) AppleWebKit/537.36 (KHTML, like Gecko) Chrome/106.0.0.0 Safari/537.36" "memorial-roberto.resende.info"
150.161.2.202 - - [10/Oct/2022:17:30:08 -0700] "GET /dad-fishing-web.jpg HTTP/1.1" 200 49836 "http://memorial-roberto.resende.info/rr_photos.html" "Mozilla/5.0 (Windows NT 10.0; Win64; x64) AppleWebKit/537.36 (KHTML, like Gecko) Chrome/106.0.0.0 Safari/537.36" "memorial-roberto.resende.info"
35.89.83.191 - - [10/Oct/2022:17:30:29 -0700] "GET / HTTP/1.1" 200 18498 "-" "-" "polverelli.resende.info"
40.77.167.10 - - [10/Oct/2022:17:33:48 -0700] "GET / HTTP/1.1" 200 1024 "-" "Mozilla/5.0 (compatible; bingbot/2.0; +http://www.bing.com/bingbot.htm)" "mauricio.resende.info"
34.71.63.205 - - [10/Oct/2022:17:34:31 -0700] "GET /newyears2007/alec-soccer.jpg HTTP/1.1" 200 45775 "-" "Mozilla/5.0 (X11; Ubuntu; Linux x86_64; rv:72.0) Gecko/20100101 Firefox/72.0" "mauricio.resende.info"
51.222.253.14 - - [10/Oct/2022:17:36:19 -0700] "GET /robots.txt HTTP/1.1" 404 88 "-" "Mozilla/5.0 (compatible; AhrefsBot/7.0; +http://ahrefs.com/robot/)" "www.resende.info"
51.222.253.6 - - [10/Oct/2022:17:36:20 -0700] "GET / HTTP/1.1" 200 1025 "-" "Mozilla/5.0 (compatible; AhrefsBot/7.0; +http://ahrefs.com/robot/)" "www.resende.info"
51.222.253.5 - - [10/Oct/2022:17:36:22 -0700] "GET /SpryAssets/SpryMenuBar.js HTTP/1.1" 404 88 "-" "Mozilla/5.0 (compatible; AhrefsBot/7.0; +http://ahrefs.com/robot/)" "www.resende.info"
51.222.253.13 - - [10/Oct/2022:17:36:22 -0700] "GET /SpryAssets/SpryMenuBarHorizontal.css HTTP/1.1" 404 88 "-" "Mozilla/5.0 (compatible; AhrefsBot/7.0; +http://ahrefs.com/robot/)" "www.resende.info"
150.161.2.202 - - [10/Oct/2022:17:36:46 -0700] "GET /bio/mauricio-muir-woods.jpg HTTP/1.1" 404 88 "http://mauricio.resende.info/bio/index.html" "Mozilla/5.0 (Windows NT 10.0; Win64; x64) AppleWebKit/537.36 (KHTML, like Gecko) Chrome/106.0.0.0 Safari/537.36" "mauricio.resende.info"
150.161.2.202 - - [10/Oct/2022:17:38:35 -0700] "GET /doc/mauricio-resende-CV.pdf HTTP/1.1" 206 1 "http://mauricio.resende.info/cv.html" "Mozilla/5.0 (Windows NT 10.0; Win64; x64) AppleWebKit/537.36 (KHTML, like Gecko) Chrome/106.0.0.0 Safari/537.36" "mauricio.resende.info"
150.161.2.202 - - [10/Oct/2022:17:38:36 -0700] "GET /doc/mauricio-resende-CV.pdf HTTP/1.1" 206 324577 "http://mauricio.resende.info/cv.html" "Mozilla/5.0 (Windows NT 10.0; Win64; x64) AppleWebKit/537.36 (KHTML, like Gecko) Chrome/106.0.0.0 Safari/537.36" "mauricio.resende.info"
150.161.2.202 - - [10/Oct/2022:17:38:36 -0700] "GET /doc/mauricio-resende-CV.pdf HTTP/1.1" 200 337992 "-" "Mozilla/5.0 (Windows NT 10.0; Win64; x64) AppleWebKit/537.36 (KHTML, like Gecko) Chrome/106.0.0.0 Safari/537.36" "mauricio.resende.info"
34.71.63.205 - - [10/Oct/2022:17:39:05 -0700] "GET /newyears2007/mauricio-sasha-umich.jpg HTTP/1.1" 200 58264 "-" "Mozilla/5.0 (X11; Ubuntu; Linux x86_64; rv:72.0) Gecko/20100101 Firefox/72.0" "mauricio.resende.info"
207.46.13.180 - - [10/Oct/2022:17:41:07 -0700] "GET /newyears2010/photos/web-resolution/2009-sasha/IMG_5470.JPG HTTP/1.1" 200 33123 "-" "Mozilla/5.0 (compatible; bingbot/2.0; +http://www.bing.com/bingbot.htm)" "mauricio.resende.info"
34.71.63.205 - - [10/Oct/2022:17:41:46 -0700] "GET /newyears2005/alec-indoor-soccer.jpg HTTP/1.1" 200 96545 "-" "Mozilla/5.0 (X11; Ubuntu; Linux x86_64; rv:72.0) Gecko/20100101 Firefox/72.0" "mauricio.resende.info"
34.71.63.205 - - [10/Oct/2022:17:43:53 -0700] "GET /newyears2007/torcedor-em-reyjavik.JPG HTTP/1.1" 200 55714 "-" "Mozilla/5.0 (X11; Ubuntu; Linux x86_64; rv:72.0) Gecko/20100101 Firefox/72.0" "mauricio.resende.info"
23.100.232.233 - - [10/Oct/2022:17:44:07 -0700] "GET /newyears2010/alec.html HTTP/1.1" 200 3431 "-" "Mozilla/5.0 (compatible; MSIE 9.0; Windows NT 6.0; Trident/5.0;  Trident/5.0)" "mauricio.resende.info"
34.71.63.205 - - [10/Oct/2022:17:44:55 -0700] "GET /newyears2007/belmar-NJ.jpg HTTP/1.1" 200 55755 "-" "Mozilla/5.0 (X11; Ubuntu; Linux x86_64; rv:72.0) Gecko/20100101 Firefox/72.0" "mauricio.resende.info"
34.71.63.205 - - [10/Oct/2022:17:45:56 -0700] "GET /newyears2005/lucia-working.jpg HTTP/1.1" 200 111970 "-" "Mozilla/5.0 (X11; Ubuntu; Linux x86_64; rv:72.0) Gecko/20100101 Firefox/72.0" "mauricio.resende.info"
1.58.10.210 - - [10/Oct/2022:17:55:05 -0700] "GET /doc/brkga-bounds-tollbooth.pdf HTTP/1.1" 200 418933 "-" "Mozilla/4.0 (compatible; MSIE 6.0; Windows NT 5.1)" "mauricio.resende.info"
93.190.141.73 - - [10/Oct/2022:17:58:53 -0700] "GET / HTTP/1.1" 200 641 "-" "Opera/9.80 (Android 4.0.4; Linux; Opera Mobi/ADR-1205181138; U; pl) Presto/2.10.254 Version/12.00" "renalva.resende.info"
17.121.113.226 - - [10/Oct/2022:18:00:54 -0700] "GET /robots.txt HTTP/1.1" 404 88 "-" "Mozilla/5.0 (Macintosh; Intel Mac OS X 10_15_5) AppleWebKit/605.1.15 (KHTML, like Gecko) Version/13.1.1 Safari/605.1.15 (Applebot/0.1; +http://www.apple.com/go/applebot)" "mauricio.resende.info"
17.121.113.226 - - [10/Oct/2022:18:00:54 -0700] "GET /favicon.ico HTTP/1.1" 404 88 "-" "Mozilla/5.0 (Macintosh; Intel Mac OS X 10_15_5) AppleWebKit/605.1.15 (KHTML, like Gecko) Version/13.1.1 Safari/605.1.15 (Applebot/0.1; +http://www.apple.com/go/applebot)" "mauricio.resende.info"
23.100.232.233 - - [10/Oct/2022:18:01:42 -0700] "GET /newyears2009/ HTTP/1.1" 200 20194 "-" "Mozilla/5.0 (compatible; MSIE 9.0; Windows NT 6.1; Trident/5.0;  Trident/5.0)" "mauricio.resende.info"
23.100.232.233 - - [10/Oct/2022:18:08:01 -0700] "GET /anonovo2012/ HTTP/1.1" 200 25710 "-" "Mozilla/5.0 (compatible; MSIE 9.0; Windows NT 6.1; Trident/5.0;  Trident/5.0)" "mauricio.resende.info"
93.158.161.60 - - [10/Oct/2022:18:10:49 -0700] "GET /abstracts/gplts.html HTTP/1.1" 404 88 "-" "Mozilla/5.0 (compatible; YandexBot/3.0; +http://yandex.com/bots)" "resende.info"
34.71.63.205 - - [10/Oct/2022:18:12:02 -0700] "GET /newyears2004/lucia-biju-web.jpg HTTP/1.1" 200 77552 "-" "Mozilla/5.0 (X11; Ubuntu; Linux x86_64; rv:72.0) Gecko/20100101 Firefox/72.0" "mauricio.resende.info"
195.178.120.89 - - [10/Oct/2022:18:12:04 -0700] "GET / HTTP/1.1" 200 1025 "www.google.com" "Mozlila/5.0 (Linux; Android 7.0; SM-G892A Bulid/NRD90M; wv) AppleWebKit/537.36 (KHTML, like Gecko) Version/4.0 Chrome/60.0.3112.107 Moblie Safari/537.36" "resende.info"
34.71.63.205 - - [10/Oct/2022:18:12:16 -0700] "GET /newyears2005/alec-soccer.jpg HTTP/1.1" 200 186095 "-" "Mozilla/5.0 (X11; Ubuntu; Linux x86_64; rv:72.0) Gecko/20100101 Firefox/72.0" "mauricio.resende.info"
34.71.63.205 - - [10/Oct/2022:18:12:25 -0700] "GET /newyears2007/alec-northhampton.jpg HTTP/1.1" 200 43703 "-" "Mozilla/5.0 (X11; Ubuntu; Linux x86_64; rv:72.0) Gecko/20100101 Firefox/72.0" "mauricio.resende.info"
34.71.63.205 - - [10/Oct/2022:18:16:26 -0700] "GET /newyears2007/umich-quad.jpg HTTP/1.1" 200 65653 "-" "Mozilla/5.0 (X11; Ubuntu; Linux x86_64; rv:72.0) Gecko/20100101 Firefox/72.0" "mauricio.resende.info"
4.224.125.164 - - [10/Oct/2022:18:18:52 -0700] "GET /news/wp-includes/wlwmanifest.xml HTTP/1.1" 404 73 "-" "Mozilla/5.0 (Windows NT 10.0; Win64; x64) AppleWebKit/537.36 (KHTML, like Gecko) Chrome/80.0.3987.149 Safari/537.36" "resende.info"
4.224.125.164 - - [10/Oct/2022:18:19:00 -0700] "GET /wp2/wp-includes/wlwmanifest.xml HTTP/1.1" 404 73 "-" "Mozilla/5.0 (Windows NT 10.0; Win64; x64) AppleWebKit/537.36 (KHTML, like Gecko) Chrome/80.0.3987.149 Safari/537.36" "resende.info"
4.224.125.164 - - [10/Oct/2022:18:19:02 -0700] "GET /cms/wp-includes/wlwmanifest.xml HTTP/1.1" 404 73 "-" "Mozilla/5.0 (Windows NT 10.0; Win64; x64) AppleWebKit/537.36 (KHTML, like Gecko) Chrome/80.0.3987.149 Safari/537.36" "resende.info"
40.77.167.10 - - [10/Oct/2022:18:22:33 -0700] "GET /anonovo2014/lo-res/visitors/2013-08-31-mgcr-lucia-chico-patricia.jpg HTTP/1.1" 200 103202 "-" "Mozilla/5.0 AppleWebKit/537.36 (KHTML, like Gecko; compatible; bingbot/2.0; +http://www.bing.com/bingbot.htm) Chrome/103.0.5060.134 Safari/537.36" "mauricio.resende.info"
179.127.139.25 - - [10/Oct/2022:18:26:01 -0700] "GET / HTTP/1.1" 200 1024 "-" "Mozilla/5.0 (Android 12; Mobile; rv:105.0) Gecko/105.0 Firefox/105.0" "mauricio.resende.info"
179.127.139.25 - - [10/Oct/2022:18:26:01 -0700] "GET /SpryAssets/SpryMenuBar.js HTTP/1.1" 200 6300 "http://mauricio.resende.info/" "Mozilla/5.0 (Android 12; Mobile; rv:105.0) Gecko/105.0 Firefox/105.0" "mauricio.resende.info"
179.127.139.25 - - [10/Oct/2022:18:26:01 -0700] "GET /SpryAssets/SpryMenuBarHorizontal.css HTTP/1.1" 200 1525 "http://mauricio.resende.info/" "Mozilla/5.0 (Android 12; Mobile; rv:105.0) Gecko/105.0 Firefox/105.0" "mauricio.resende.info"
179.127.139.25 - - [10/Oct/2022:18:26:02 -0700] "GET /mgcr.jpg HTTP/1.1" 200 52391 "http://mauricio.resende.info/" "Mozilla/5.0 (Android 12; Mobile; rv:105.0) Gecko/105.0 Firefox/105.0" "mauricio.resende.info"
179.127.139.25 - - [10/Oct/2022:18:26:02 -0700] "GET /SpryAssets/SpryMenuBarDownHover.gif HTTP/1.1" 200 55 "http://mauricio.resende.info/" "Mozilla/5.0 (Android 12; Mobile; rv:105.0) Gecko/105.0 Firefox/105.0" "mauricio.resende.info"
179.127.139.25 - - [10/Oct/2022:18:26:02 -0700] "GET /SpryAssets/SpryMenuBarDown.gif HTTP/1.1" 200 55 "-" "Mozilla/5.0 (Android 12; Mobile; rv:105.0) Gecko/105.0 Firefox/105.0" "mauricio.resende.info"
179.127.139.25 - - [10/Oct/2022:18:26:02 -0700] "GET /SpryMenuBarDown.gif HTTP/1.1" 404 88 "http://mauricio.resende.info/" "Mozilla/5.0 (Android 12; Mobile; rv:105.0) Gecko/105.0 Firefox/105.0" "mauricio.resende.info"
179.127.139.25 - - [10/Oct/2022:18:26:02 -0700] "GET /SpryAssets/SpryMenuBarRightHover.gif HTTP/1.1" 200 55 "http://mauricio.resende.info/" "Mozilla/5.0 (Android 12; Mobile; rv:105.0) Gecko/105.0 Firefox/105.0" "mauricio.resende.info"
179.127.139.25 - - [10/Oct/2022:18:26:02 -0700] "GET /mgcr-100x100.ico HTTP/1.1" 200 757 "-" "Mozilla/5.0 (Android 12; Mobile; rv:105.0) Gecko/105.0 Firefox/105.0" "mauricio.resende.info"
179.127.139.25 - - [10/Oct/2022:18:26:02 -0700] "GET /SpryMenuBarRight.gif HTTP/1.1" 404 88 "http://mauricio.resende.info/" "Mozilla/5.0 (Android 12; Mobile; rv:105.0) Gecko/105.0 Firefox/105.0" "mauricio.resende.info"
179.127.139.25 - - [10/Oct/2022:18:26:02 -0700] "GET /SpryAssets/SpryMenuBarRightHover.gif HTTP/1.1" 200 55 "-" "Mozilla/5.0 (Android 12; Mobile; rv:105.0) Gecko/105.0 Firefox/105.0" "mauricio.resende.info"
179.127.139.25 - - [10/Oct/2022:18:26:02 -0700] "GET /SpryAssets/SpryMenuBarRight.gif HTTP/1.1" 200 55 "-" "Mozilla/5.0 (Android 12; Mobile; rv:105.0) Gecko/105.0 Firefox/105.0" "mauricio.resende.info"
179.127.139.25 - - [10/Oct/2022:18:26:02 -0700] "GET /SpryAssets/SpryMenuBarDownHover.gif HTTP/1.1" 200 55 "-" "Mozilla/5.0 (Android 12; Mobile; rv:105.0) Gecko/105.0 Firefox/105.0" "mauricio.resende.info"
179.127.139.25 - - [10/Oct/2022:18:26:10 -0700] "GET /papers.html HTTP/1.1" 200 32666 "http://mauricio.resende.info/" "Mozilla/5.0 (Android 12; Mobile; rv:105.0) Gecko/105.0 Firefox/105.0" "mauricio.resende.info"
179.127.139.25 - - [10/Oct/2022:18:26:38 -0700] "GET /doc/coEvolBrkgaAPI.pdf HTTP/1.1" 200 1372456 "http://mauricio.resende.info/papers.html" "Mozilla/5.0 (Android 12; Mobile; rv:105.0) Gecko/105.0 Firefox/105.0" "mauricio.resende.info"
179.127.139.25 - - [10/Oct/2022:18:27:20 -0700] "GET /doc/brkga-bnp.pdf HTTP/1.1" 200 1097117 "http://mauricio.resende.info/papers.html" "Mozilla/5.0 (Android 12; Mobile; rv:105.0) Gecko/105.0 Firefox/105.0" "mauricio.resende.info"
34.71.63.205 - - [10/Oct/2022:18:33:36 -0700] "GET /newyears2005/run-for-funds.jpg HTTP/1.1" 200 148358 "-" "Mozilla/5.0 (X11; Ubuntu; Linux x86_64; rv:72.0) Gecko/20100101 Firefox/72.0" "mauricio.resende.info"
216.244.66.247 - - [10/Oct/2022:18:35:22 -0700] "GET /robots.txt HTTP/1.1" 404 73 "-" "Mozilla/5.0 (compatible; DotBot/1.2; +https://opensiteexplorer.org/dotbot; help@moz.com)" "mauricio.resende.info"
34.71.63.205 - - [10/Oct/2022:18:35:47 -0700] "GET /newyears2005/alec-lucia.jpg HTTP/1.1" 200 149491 "-" "Mozilla/5.0 (X11; Ubuntu; Linux x86_64; rv:72.0) Gecko/20100101 Firefox/72.0" "mauricio.resende.info"
34.71.63.205 - - [10/Oct/2022:18:36:10 -0700] "GET /newyears2007/alec-umich.JPG HTTP/1.1" 200 65860 "-" "Mozilla/5.0 (X11; Ubuntu; Linux x86_64; rv:72.0) Gecko/20100101 Firefox/72.0" "mauricio.resende.info"
65.108.8.42 - - [10/Oct/2022:18:38:04 -0700] "GET / HTTP/1.1" 200 2831 "-" "Mozilla/5.0 (Windows; U; Windows NT 5.1; en-US; rv:x.x.x) Gecko/20041107 Firefox/x.x" "resende.info"
40.77.167.10 - - [10/Oct/2022:18:38:48 -0700] "GET /anonovo2011/photos/2010-02-03-destin-hotel-room-view.JPG HTTP/1.1" 200 44205 "-" "Mozilla/5.0 AppleWebKit/537.36 (KHTML, like Gecko; compatible; bingbot/2.0; +http://www.bing.com/bingbot.htm) Chrome/103.0.5060.134 Safari/537.36" "mauricio.resende.info"
23.100.232.233 - - [10/Oct/2022:18:38:57 -0700] "GET /newyears2011/page5.html HTTP/1.1" 200 9205 "-" "Mozilla/5.0 (compatible; MSIE 9.0; Windows NT 6.0; Trident/5.0;  Trident/5.0)" "mauricio.resende.info"
216.244.66.247 - - [10/Oct/2022:18:39:19 -0700] "GET /mic2001/abs/chap24.html HTTP/1.1" 200 4204 "-" "Mozilla/5.0 (compatible; DotBot/1.2; +https://opensiteexplorer.org/dotbot; help@moz.com)" "mauricio.resende.info"
34.71.63.205 - - [10/Oct/2022:18:39:52 -0700] "GET /newyears2007/home-new-front.jpg HTTP/1.1" 200 61168 "-" "Mozilla/5.0 (X11; Ubuntu; Linux x86_64; rv:72.0) Gecko/20100101 Firefox/72.0" "mauricio.resende.info"
34.71.63.205 - - [10/Oct/2022:18:41:26 -0700] "GET /newyears2007/alec-guitar.jpg HTTP/1.1" 200 52962 "-" "Mozilla/5.0 (X11; Ubuntu; Linux x86_64; rv:72.0) Gecko/20100101 Firefox/72.0" "mauricio.resende.info"
216.244.66.247 - - [10/Oct/2022:18:42:10 -0700] "GET /doc/gpmaxsat.ps.Z HTTP/1.1" 200 89457 "-" "Mozilla/5.0 (compatible; DotBot/1.2; +https://opensiteexplorer.org/dotbot; help@moz.com)" "mauricio.resende.info"
216.244.66.247 - - [10/Oct/2022:18:45:10 -0700] "GET /talks/2011-09-uff-brkga-telecom.pdf HTTP/1.1" 200 2254458 "-" "Mozilla/5.0 (compatible; DotBot/1.2; +https://opensiteexplorer.org/dotbot; help@moz.com)" "mauricio.resende.info"
42.236.10.112 - - [10/Oct/2022:18:46:11 -0700] "GET / HTTP/1.1" 200 1025 "http://www.resende.info/" "Mozilla/5.0 (Windows NT 6.1; WOW64) AppleWebKit/537.36 (KHTML, like Gecko) Chrome/50.0.2661.102 Safari/537.36; 360Spider" "www.resende.info"
23.100.232.233 - - [10/Oct/2022:18:47:38 -0700] "GET /newyears2008/ HTTP/1.1" 200 17525 "-" "Mozilla/5.0 (compatible; MSIE 9.0; Windows NT 6.0; Trident/5.0;  Trident/5.0)" "mauricio.resende.info"
185.191.171.5 - - [10/Oct/2022:18:50:15 -0700] "GET /robots.txt HTTP/1.1" 404 88 "-" "Mozilla/5.0 (compatible; SemrushBot/7~bl; +http://www.semrush.com/bot.html)" "www.resende.info"
185.191.171.21 - - [10/Oct/2022:18:50:16 -0700] "GET / HTTP/1.1" 200 1025 "-" "Mozilla/5.0 (compatible; SemrushBot/7~bl; +http://www.semrush.com/bot.html)" "www.resende.info"
66.249.68.59 - - [10/Oct/2022:18:52:50 -0700] "GET /robots.txt HTTP/1.1" 404 88 "-" "Mozilla/5.0 (compatible; Googlebot/2.1; +http://www.google.com/bot.html)" "www.resende.info"
66.249.79.64 - - [10/Oct/2022:18:58:16 -0700] "GET /anonovo2010/photos/web-resolution/2009-alec/IMG_6501.JPG HTTP/1.1" 200 86996 "-" "Googlebot-Image/1.0" "mauricio.resende.info"
23.100.232.233 - - [10/Oct/2022:19:01:41 -0700] "GET /anonovo2006/ HTTP/1.1" 200 8499 "-" "Mozilla/5.0 (compatible; MSIE 9.0; Windows NT 6.0; Trident/5.0;  Trident/5.0)" "mauricio.resende.info"
34.71.63.205 - - [10/Oct/2022:19:08:08 -0700] "GET /newyears2007/mauricio-lucia-copa2006.jpg HTTP/1.1" 200 33540 "-" "Mozilla/5.0 (X11; Ubuntu; Linux x86_64; rv:72.0) Gecko/20100101 Firefox/72.0" "mauricio.resende.info"
93.158.161.55 - - [10/Oct/2022:19:15:34 -0700] "GET /robots.txt HTTP/1.1" 404 73 "-" "Mozilla/5.0 (compatible; YandexBot/3.0; +http://yandex.com/bots)" "resende.info"
93.158.161.37 - - [10/Oct/2022:19:15:37 -0700] "GET /doc/brkga-bnp.pdf HTTP/1.1" 404 88 "-" "Mozilla/5.0 (compatible; YandexBot/3.0; +http://yandex.com/bots)" "resende.info"
51.222.253.12 - - [10/Oct/2022:19:22:03 -0700] "GET /hmds/abs/30.html HTTP/1.1" 200 882 "-" "Mozilla/5.0 (compatible; AhrefsBot/7.0; +http://ahrefs.com/robot/)" "mauricio.resende.info"
34.71.63.205 - - [10/Oct/2022:19:22:13 -0700] "GET /newyears2007/freezing-syracuse.jpg HTTP/1.1" 200 34892 "-" "Mozilla/5.0 (X11; Ubuntu; Linux x86_64; rv:72.0) Gecko/20100101 Firefox/72.0" "mauricio.resende.info"
144.76.162.206 - - [10/Oct/2022:19:28:59 -0700] "GET /doc/pdas.pdf HTTP/1.1" 200 299926 "-" "Mozilla/5.0 (Macintosh; Intel Mac OS X 10_15_6) AppleWebKit/537.36 (KHTML, like Gecko) Chrome/86.0.4240.198 Safari/537.36" "mauricio.resende.info"
34.71.63.205 - - [10/Oct/2022:19:29:00 -0700] "GET /newyears2007/sasha-new-car-sideview.jpg HTTP/1.1" 200 60685 "-" "Mozilla/5.0 (X11; Ubuntu; Linux x86_64; rv:72.0) Gecko/20100101 Firefox/72.0" "mauricio.resende.info"
144.76.102.243 - - [10/Oct/2022:19:29:14 -0700] "GET /doc/pdas.pdf HTTP/1.1" 200 299926 "-" "Mozilla/5.0 (X11; Linux x86_64; rv:84.0) Gecko/20100101 Firefox/84.0" "mauricio.resende.info"
42.236.10.100 - - [10/Oct/2022:19:30:14 -0700] "GET / HTTP/1.1" 200 1025 "http://resende.info/" "Mozilla/5.0 (Windows NT 6.1; WOW64) AppleWebKit/537.36 (KHTML, like Gecko) Chrome/50.0.2661.102 Safari/537.36; 360Spider" "resende.info"
40.77.167.10 - - [10/Oct/2022:19:31:50 -0700] "GET /newyears2009/2008-10-abraham-duarte-at-home.jpg HTTP/1.1" 200 89340 "-" "Mozilla/5.0 AppleWebKit/537.36 (KHTML, like Gecko; compatible; bingbot/2.0; +http://www.bing.com/bingbot.htm) Chrome/103.0.5060.134 Safari/537.36" "mauricio.resende.info"
93.158.161.66 - - [10/Oct/2022:19:35:57 -0700] "GET /robots.txt HTTP/1.1" 404 73 "-" "Mozilla/5.0 (compatible; YandexBot/3.0; +http://yandex.com/bots)" "mauricio.resende.info"
77.88.5.252 - - [10/Oct/2022:19:36:00 -0700] "GET /newyears2009/2008-12-analucia-paulo.JPG HTTP/1.1" 200 72215 "-" "Mozilla/5.0 (compatible; YandexImages/3.0; +http://yandex.com/bots)" "mauricio.resende.info"
195.191.219.131 - - [10/Oct/2022:19:42:07 -0700] "GET /robots.txt HTTP/1.1" 404 73 "-" "Mozilla/5.0 (compatible; MJ12bot/v1.4.8; http://mj12bot.com/)" "mauricio.resende.info"
195.191.219.131 - - [10/Oct/2022:19:42:11 -0700] "GET / HTTP/1.1" 200 1024 "-" "Mozilla/5.0 (compatible; MJ12bot/v1.4.8; http://mj12bot.com/)" "mauricio.resende.info"
195.191.219.131 - - [10/Oct/2022:19:42:19 -0700] "GET /data/index.html HTTP/1.1" 200 1177 "-" "Mozilla/5.0 (compatible; MJ12bot/v1.4.8; http://mj12bot.com/)" "mauricio.resende.info"
195.191.219.131 - - [10/Oct/2022:19:42:21 -0700] "GET /src/index.html HTTP/1.1" 200 1278 "-" "Mozilla/5.0 (compatible; MJ12bot/v1.4.8; http://mj12bot.com/)" "mauricio.resende.info"
34.71.63.205 - - [10/Oct/2022:19:42:32 -0700] "GET /newyears2007/mauricio-usp.JPG HTTP/1.1" 200 36871 "-" "Mozilla/5.0 (X11; Ubuntu; Linux x86_64; rv:72.0) Gecko/20100101 Firefox/72.0" "mauricio.resende.info"
207.46.13.180 - - [10/Oct/2022:19:46:00 -0700] "GET / HTTP/1.1" 200 1024 "-" "Mozilla/5.0 (compatible; bingbot/2.0; +http://www.bing.com/bingbot.htm)" "mauricio.resende.info"
114.122.100.65 - - [10/Oct/2022:19:46:39 -0700] "GET /doc/hgajss.pdf HTTP/1.1" 200 181657 "https://www.google.com/" "Mozilla/5.0 (Windows NT 10.0; Win64; x64) AppleWebKit/537.36 (KHTML, like Gecko) Chrome/105.0.5195.127 Safari/537.36" "mauricio.resende.info"
114.122.100.65 - - [10/Oct/2022:19:46:39 -0700] "GET /doc/hgajss.pdf HTTP/1.1" 200 181657 "http://mauricio.resende.info/doc/hgajss.pdf" "Mozilla/5.0 (Windows NT 10.0; Win64; x64) AppleWebKit/537.36 (KHTML, like Gecko) Chrome/105.0.5195.127 Safari/537.36" "mauricio.resende.info"
114.122.100.65 - - [10/Oct/2022:19:46:40 -0700] "GET /favicon.ico HTTP/1.1" 404 88 "http://mauricio.resende.info/doc/hgajss.pdf" "Mozilla/5.0 (Windows NT 10.0; Win64; x64) AppleWebKit/537.36 (KHTML, like Gecko) Chrome/105.0.5195.127 Safari/537.36" "mauricio.resende.info"
66.249.79.93 - - [10/Oct/2022:19:47:06 -0700] "GET /newyears2012/all-photos/lo-res/couple/2011-04-03-mgcr-lucia-at-home.JPG HTTP/1.1" 200 53911 "-" "Googlebot-Image/1.0" "mauricio.resende.info"
51.222.253.18 - - [10/Oct/2022:19:47:15 -0700] "GET /hmds/abs/25.html HTTP/1.1" 200 781 "-" "Mozilla/5.0 (compatible; AhrefsBot/7.0; +http://ahrefs.com/robot/)" "mauricio.resende.info"
34.71.63.205 - - [10/Oct/2022:19:49:08 -0700] "GET /newyears2007/lucia-e-amigas.jpg HTTP/1.1" 200 39605 "-" "Mozilla/5.0 (X11; Ubuntu; Linux x86_64; rv:72.0) Gecko/20100101 Firefox/72.0" "mauricio.resende.info"
34.71.63.205 - - [10/Oct/2022:19:50:13 -0700] "GET /newyears2007/mauricio-patricia-cocktail.jpg HTTP/1.1" 200 43029 "-" "Mozilla/5.0 (X11; Ubuntu; Linux x86_64; rv:72.0) Gecko/20100101 Firefox/72.0" "mauricio.resende.info"
34.71.63.205 - - [10/Oct/2022:19:56:06 -0700] "GET /newyears2007/blue-lagoon.JPG HTTP/1.1" 200 36258 "-" "Mozilla/5.0 (X11; Ubuntu; Linux x86_64; rv:72.0) Gecko/20100101 Firefox/72.0" "mauricio.resende.info"
34.71.63.205 - - [10/Oct/2022:20:01:44 -0700] "GET /newyears2007/lucia-car-springtime.jpg HTTP/1.1" 200 56087 "-" "Mozilla/5.0 (X11; Ubuntu; Linux x86_64; rv:72.0) Gecko/20100101 Firefox/72.0" "mauricio.resende.info"
185.191.171.34 - - [10/Oct/2022:20:07:53 -0700] "GET /robots.txt HTTP/1.1" 404 88 "-" "Mozilla/5.0 (compatible; SemrushBot/7~bl; +http://www.semrush.com/bot.html)" "mauricio.resende.info"
185.191.171.26 - - [10/Oct/2022:20:07:53 -0700] "GET /abstracts/esh-mbv.html HTTP/1.1" 200 1175 "-" "Mozilla/5.0 (compatible; SemrushBot/7~bl; +http://www.semrush.com/bot.html)" "mauricio.resende.info"
77.88.5.162 - - [10/Oct/2022:20:10:34 -0700] "GET /abstracts/intmis.html HTTP/1.1" 404 88 "-" "Mozilla/5.0 (compatible; YandexBot/3.0; +http://yandex.com/bots)" "resende.info"
51.222.253.13 - - [10/Oct/2022:20:11:00 -0700] "GET /cv/genealogy.html HTTP/1.1" 200 2272 "-" "Mozilla/5.0 (compatible; AhrefsBot/7.0; +http://ahrefs.com/robot/)" "mauricio.resende.info"
177.12.59.208 - - [10/Oct/2022:20:12:24 -0700] "GET /doc/brkga-pr.pdf HTTP/1.1" 200 861304 "-" "Mozilla/5.0 (Android 11; Mobile; rv:105.0) Gecko/105.0 Firefox/105.0" "mauricio.resende.info"
40.77.167.97 - - [10/Oct/2022:20:26:31 -0700] "GET /robots.txt HTTP/1.1" 404 88 "-" "Mozilla/5.0 (compatible; bingbot/2.0; +http://www.bing.com/bingbot.htm)" "www.resende.info"
40.77.167.97 - - [10/Oct/2022:20:26:31 -0700] "GET /robots.txt HTTP/1.1" 404 88 "-" "Mozilla/5.0 (compatible; bingbot/2.0; +http://www.bing.com/bingbot.htm)" "www.resende.info"
157.55.39.36 - - [10/Oct/2022:20:26:40 -0700] "GET /doc/gmcov.pdf HTTP/1.1" 404 88 "-" "Mozilla/5.0 (compatible; bingbot/2.0; +http://www.bing.com/bingbot.htm)" "www.resende.info"
20.210.117.253 - - [10/Oct/2022:20:28:35 -0700] "GET / HTTP/1.1" 200 1025 "-" "Mozilla/5.0 (Linux; Android 5.1.1; SM-J111F) AppleWebKit/537.36 (KHTML, like Gecko) Chrome/73.0.3683.90 Mobile Safari/537.36" "resende.info"
195.191.219.132 - - [10/Oct/2022:20:33:13 -0700] "GET /robots.txt HTTP/1.1" 404 73 "-" "Mozilla/5.0 (compatible; MJ12bot/v1.4.8; http://mj12bot.com/)" "mauricio.resende.info"
195.191.219.132 - - [10/Oct/2022:20:33:15 -0700] "GET /data/qap_lb/index.html HTTP/1.1" 200 581 "-" "Mozilla/5.0 (compatible; MJ12bot/v1.4.8; http://mj12bot.com/)" "mauricio.resende.info"
195.191.219.132 - - [10/Oct/2022:20:33:17 -0700] "GET /data/qap_lb_3rd/index.html HTTP/1.1" 200 696 "-" "Mozilla/5.0 (compatible; MJ12bot/v1.4.8; http://mj12bot.com/)" "mauricio.resende.info"
51.222.253.18 - - [10/Oct/2022:20:34:10 -0700] "GET /hmds/abs/07.html HTTP/1.1" 200 575 "-" "Mozilla/5.0 (compatible; AhrefsBot/7.0; +http://ahrefs.com/robot/)" "mauricio.resende.info"
61.135.159.145 - - [10/Oct/2022:20:37:48 -0700] "GET / HTTP/1.1" 200 1025 "-" "Sogou web spider/4.0(+http://www.sogou.com/docs/help/webmasters.htm#07)" "www.resende.info"
40.77.167.10 - - [10/Oct/2022:20:56:48 -0700] "GET /anonovo2008/mgcr-rmas-kingcrab.jpg HTTP/1.1" 200 40354 "-" "Mozilla/5.0 (compatible; bingbot/2.0; +http://www.bing.com/bingbot.htm)" "mauricio.resende.info"
40.77.167.10 - - [10/Oct/2022:21:26:34 -0700] "GET /talks/teleco-maceio2005.pdf HTTP/1.1" 200 2935415 "-" "Mozilla/5.0 AppleWebKit/537.36 (KHTML, like Gecko; compatible; bingbot/2.0; +http://www.bing.com/bingbot.htm) Chrome/103.0.5060.134 Safari/537.36" "mauricio.resende.info"
66.249.79.94 - - [10/Oct/2022:21:32:14 -0700] "GET /robots.txt HTTP/1.1" 404 88 "-" "Mozilla/5.0 (compatible; Googlebot/2.1; +http://www.google.com/bot.html)" "mauricio.resende.info"
157.55.39.36 - - [10/Oct/2022:21:34:17 -0700] "GET /anonovo2013/mauricio/lo-res/2012-03-16-mgcr-conference-hotel.jpg HTTP/1.1" 200 67175 "-" "Mozilla/5.0 (compatible; bingbot/2.0; +http://www.bing.com/bingbot.htm)" "mauricio.resende.info"
51.222.253.7 - - [10/Oct/2022:21:37:06 -0700] "GET /robots.txt HTTP/1.1" 404 88 "-" "Mozilla/5.0 (compatible; AhrefsBot/7.0; +http://ahrefs.com/robot/)" "mauricio.resende.info"
51.222.253.17 - - [10/Oct/2022:21:37:07 -0700] "GET /hmds/abs/28.html HTTP/1.1" 200 814 "-" "Mozilla/5.0 (compatible; AhrefsBot/7.0; +http://ahrefs.com/robot/)" "mauricio.resende.info"
207.46.13.180 - - [10/Oct/2022:21:44:11 -0700] "GET /newyears2008/alecATsilvias.JPG HTTP/1.1" 200 51509 "-" "Mozilla/5.0 AppleWebKit/537.36 (KHTML, like Gecko; compatible; bingbot/2.0; +http://www.bing.com/bingbot.htm) Chrome/103.0.5060.134 Safari/537.36" "mauricio.resende.info"
118.184.177.4 - - [10/Oct/2022:21:47:21 -0700] "GET / HTTP/1.1" 200 1025 "-" "Sogou web spider/4.0(+http://www.sogou.com/docs/help/webmasters.htm#07)" "resende.info"
223.38.61.190 - - [10/Oct/2022:21:53:00 -0700] "GET /newyears2004/lucia-at-home-web.jpg HTTP/1.1" 200 110674 "-" "Mozilla/5.0 (X11; Ubuntu; Linux x86_64; rv:72.0) Gecko/20100101 Firefox/72.0" "mauricio.resende.info"
66.249.79.95 - - [10/Oct/2022:21:58:14 -0700] "GET /newyears2012/all-photos/lo-res/sasha-alec/2011-11-24-sasha-alec.JPG HTTP/1.1" 200 55751 "-" "Googlebot-Image/1.0" "mauricio.resende.info"
35.87.179.98 - - [10/Oct/2022:22:10:00 -0700] "GET / HTTP/1.1" 200 1025 "-" "Mozilla/5.0 (X11; Linux x86_64) AppleWebKit/537.36 (KHTML, like Gecko) Chrome/83.0.4103.97 Safari/537.36" "resende.info"
35.88.215.5 - - [10/Oct/2022:22:10:01 -0700] "GET / HTTP/1.1" 200 1025 "-" "Mozilla/5.0 (X11; Linux x86_64) AppleWebKit/537.36 (KHTML, like Gecko) Chrome/83.0.4103.97 Safari/537.36" "resende.info"
34.221.128.84 - - [10/Oct/2022:22:10:27 -0700] "GET /favicon.ico HTTP/1.1" 404 88 "-" "Mozilla/5.0 (X11; Linux x86_64) AppleWebKit/537.36 (KHTML, like Gecko) Chrome/83.0.4103.97 Safari/537.36" "resende.info"
34.221.128.84 - - [10/Oct/2022:22:10:29 -0700] "GET / HTTP/1.1" 200 1025 "-" "Mozilla/5.0 (X11; Linux x86_64) AppleWebKit/537.36 (KHTML, like Gecko) Chrome/83.0.4103.97 Safari/537.36" "resende.info"
66.249.79.95 - - [10/Oct/2022:22:17:04 -0700] "GET /newyears2012/all-photos/lo-res/lucia/2011-03-11-sushi-man-at-brunos.jpg HTTP/1.1" 200 61541 "-" "Googlebot-Image/1.0" "mauricio.resende.info"
20.195.193.51 - - [10/Oct/2022:22:17:09 -0700] "GET /wp-load.php HTTP/1.1" 404 88 "www.bing.com" "wp_is_mobile" "mauricio.resende.info"
20.195.193.51 - - [10/Oct/2022:22:17:12 -0700] "GET /style.php HTTP/1.1" 404 88 "www.bing.com" "wp_is_mobile" "mauricio.resende.info"
20.195.193.51 - - [10/Oct/2022:22:17:13 -0700] "GET /wp-admin/style.php HTTP/1.1" 404 88 "www.bing.com" "wp_is_mobile" "mauricio.resende.info"
20.195.193.51 - - [10/Oct/2022:22:17:15 -0700] "GET /s_e.php HTTP/1.1" 404 88 "www.bing.com" "wp_is_mobile" "mauricio.resende.info"
20.195.193.51 - - [10/Oct/2022:22:17:18 -0700] "GET /s_ne.php HTTP/1.1" 404 88 "www.bing.com" "wp_is_mobile" "mauricio.resende.info"
20.195.193.51 - - [10/Oct/2022:22:17:20 -0700] "GET /1index.php HTTP/1.1" 404 88 "www.bing.com" "Mozilla/5.0 (Windows NT 10.0; Win64; x64) AppleWebKit/537.36 (KHTML, like Gecko) Chrome/90.0.4430.85 Safari/537.36" "mauricio.resende.info"
51.222.253.13 - - [10/Oct/2022:22:17:22 -0700] "GET /hmds/abs/08.html HTTP/1.1" 200 815 "-" "Mozilla/5.0 (compatible; AhrefsBot/7.0; +http://ahrefs.com/robot/)" "mauricio.resende.info"
20.195.193.51 - - [10/Oct/2022:22:17:23 -0700] "GET /radio.php HTTP/1.1" 404 88 "www.bing.com" "wp_is_mobile" "mauricio.resende.info"
